CRAN Package Check Results for Package cartogram

Last updated on 2021-10-26 00:59:46 CEST.

Flavor Version Tinstall Tcheck Ttotal Status Flags
r-devel-linux-x86_64-debian-clang 0.2.2 4.53 64.16 68.69 NOTE
r-devel-linux-x86_64-debian-gcc 0.2.2 3.35 48.79 52.14 NOTE
r-devel-linux-x86_64-fedora-clang 0.2.2 95.16 NOTE
r-devel-linux-x86_64-fedora-gcc 0.2.2 84.19 NOTE
r-devel-windows-x86_64 0.2.2 8.00 86.00 94.00 NOTE
r-devel-windows-x86_64-gcc10-UCRT 0.2.2 NOTE
r-patched-linux-x86_64 0.2.2 4.33 60.72 65.05 NOTE
r-patched-solaris-x86 0.2.2 117.50 NOTE
r-release-linux-x86_64 0.2.2 4.05 60.11 64.16 NOTE
r-release-macos-arm64 0.2.2 NOTE
r-release-macos-x86_64 0.2.2 NOTE
r-release-windows-ix86+x86_64 0.2.2 10.00 85.00 95.00 NOTE
r-oldrel-macos-x86_64 0.2.2 OK
r-oldrel-windows-ix86+x86_64 0.2.2 15.00 85.00 100.00 OK

Check Details

Version: 0.2.2
Check: LazyData
Result: NOTE
     'LazyData' is specified without a 'data' directory
Flavors: r-devel-linux-x86_64-debian-clang, r-devel-linux-x86_64-debian-gcc, r-devel-linux-x86_64-fedora-clang, r-devel-linux-x86_64-fedora-gcc, r-devel-windows-x86_64, r-devel-windows-x86_64-gcc10-UCRT, r-patched-linux-x86_64, r-patched-solaris-x86, r-release-linux-x86_64, r-release-macos-arm64, r-release-macos-x86_64, r-release-windows-ix86+x86_64