Last updated on 2023-06-10 00:54:40 CEST.
Flavor | Version | Tinstall | Tcheck | Ttotal | Status | Flags |
---|---|---|---|---|---|---|
r-devel-linux-x86_64-debian-clang | 1.2.3 | 3.44 | 145.91 | 149.35 | OK | |
r-devel-linux-x86_64-debian-gcc | 1.2.3 | 2.53 | 121.66 | 124.19 | OK | |
r-devel-linux-x86_64-fedora-clang | 1.2.3 | 205.98 | OK | |||
r-devel-linux-x86_64-fedora-gcc | 1.2.3 | 210.94 | OK | |||
r-devel-windows-x86_64 | 1.2.3 | 10.00 | 451.00 | 461.00 | OK | |
r-patched-linux-x86_64 | 1.2.3 | 4.34 | 145.20 | 149.54 | OK | |
r-release-linux-x86_64 | 1.2.3 | 3.25 | 145.17 | 148.42 | OK | |
r-release-macos-arm64 | 1.2.3 | 120.00 | OK | |||
r-release-macos-x86_64 | 1.2.2 | 570.00 | NOTE | |||
r-release-windows-x86_64 | 1.2.3 | 9.00 | 338.00 | 347.00 | OK | |
r-oldrel-macos-arm64 | 1.2.3 | 137.00 | OK | |||
r-oldrel-macos-x86_64 | 1.2.3 | 139.00 | OK | |||
r-oldrel-windows-x86_64 | 1.2.3 | 5.00 | 340.00 | 345.00 | OK |
Version: 1.2.2
Check: package dependencies
Result: NOTE
Package suggested but not available for checking: ‘GAMBoost’
Flavor: r-release-macos-x86_64