CRAN Package Check Results for Package catseyes

Last updated on 2021-10-28 00:48:40 CEST.

Flavor Version Tinstall Tcheck Ttotal Status Flags
r-devel-linux-x86_64-debian-clang 0.2.5 1.85 21.64 23.49 NOTE
r-devel-linux-x86_64-debian-gcc 0.2.5 1.52 17.43 18.95 NOTE
r-devel-linux-x86_64-fedora-clang 0.2.5 40.77 NOTE
r-devel-linux-x86_64-fedora-gcc 0.2.5 30.02 NOTE
r-devel-windows-x86_64 0.2.5 4.00 40.00 44.00 NOTE
r-devel-windows-x86_64-gcc10-UCRT 0.2.5 NOTE
r-patched-linux-x86_64 0.2.5 1.88 19.61 21.49 NOTE
r-patched-solaris-x86 0.2.5 43.20 NOTE
r-release-linux-x86_64 0.2.5 1.87 19.83 21.70 NOTE
r-release-macos-arm64 0.2.5 NOTE
r-release-macos-x86_64 0.2.5 NOTE
r-release-windows-ix86+x86_64 0.2.5 5.00 36.00 41.00 NOTE
r-oldrel-macos-x86_64 0.2.5 OK
r-oldrel-windows-ix86+x86_64 0.2.5 5.00 36.00 41.00 OK

Check Details

Version: 0.2.5
Check: LazyData
Result: NOTE
     'LazyData' is specified without a 'data' directory
Flavors: r-devel-linux-x86_64-debian-clang, r-devel-linux-x86_64-debian-gcc, r-devel-linux-x86_64-fedora-clang, r-devel-linux-x86_64-fedora-gcc, r-devel-windows-x86_64, r-devel-windows-x86_64-gcc10-UCRT, r-patched-linux-x86_64, r-patched-solaris-x86, r-release-linux-x86_64, r-release-macos-arm64, r-release-macos-x86_64, r-release-windows-ix86+x86_64