Last updated on 2023-03-28 00:51:44 CEST.
Flavor | Version | Tinstall | Tcheck | Ttotal | Status | Flags |
---|---|---|---|---|---|---|
r-devel-linux-x86_64-debian-clang | 1.2.5 | 10.92 | 85.06 | 95.98 | OK | |
r-devel-linux-x86_64-debian-gcc | 1.2.5 | 8.80 | 62.72 | 71.52 | OK | |
r-devel-linux-x86_64-fedora-clang | 1.2.5 | 116.89 | OK | |||
r-devel-linux-x86_64-fedora-gcc | 1.2.5 | 110.87 | OK | |||
r-patched-linux-x86_64 | 1.2.5 | 8.18 | 78.63 | 86.81 | OK | |
r-release-linux-x86_64 | 1.2.5 | 7.58 | 81.39 | 88.97 | OK | |
r-release-macos-arm64 | 1.2.5 | 29.00 | OK | |||
r-release-macos-x86_64 | 1.2.5 | 48.00 | OK | |||
r-release-windows-x86_64 | 1.2.5 | 32.00 | 112.00 | 144.00 | OK | |
r-oldrel-macos-arm64 | 1.2.5 | 29.00 | OK | |||
r-oldrel-macos-x86_64 | 1.2.5 | 48.00 | OK | |||
r-oldrel-windows-ix86+x86_64 | 1.2.5 | 27.00 | 118.00 | 145.00 | NOTE |
Version: 1.2.5
Check: R code for possible problems
Result: NOTE
Initiating curl with CURL_SSL_BACKEND: openssl
Flavor: r-oldrel-windows-ix86+x86_64