CRAN Package Check Results for Package cbar

Last updated on 2022-01-28 00:48:49 CET.

Flavor Version Tinstall Tcheck Ttotal Status Flags
r-devel-linux-x86_64-debian-clang 0.1.3 5.58 75.07 80.65 NOTE
r-devel-linux-x86_64-debian-gcc 0.1.3 3.89 56.04 59.93 NOTE
r-devel-linux-x86_64-fedora-clang 0.1.3 97.65 NOTE
r-devel-linux-x86_64-fedora-gcc 0.1.3 89.15 NOTE
r-devel-windows-x86_64-new-UL 0.1.3 28.00 105.00 133.00 NOTE
r-devel-windows-x86_64-new-TK 0.1.3 NOTE
r-patched-linux-x86_64 0.1.3 3.93 71.12 75.05 NOTE
r-release-linux-x86_64 0.1.3 3.62 70.82 74.44 NOTE
r-release-macos-arm64 0.1.3 NOTE
r-release-macos-x86_64 0.1.3 NOTE
r-release-windows-ix86+x86_64 0.1.3 15.00 82.00 97.00 NOTE
r-oldrel-macos-x86_64 0.1.3 OK
r-oldrel-windows-ix86+x86_64 0.1.3 16.00 85.00 101.00 OK

Check Details

Version: 0.1.3
Check: LazyData
Result: NOTE
     'LazyData' is specified without a 'data' directory
Flavors: r-devel-linux-x86_64-debian-clang, r-devel-linux-x86_64-debian-gcc, r-devel-linux-x86_64-fedora-clang, r-devel-linux-x86_64-fedora-gcc, r-devel-windows-x86_64-new-UL, r-devel-windows-x86_64-new-TK, r-patched-linux-x86_64, r-release-linux-x86_64, r-release-macos-arm64, r-release-macos-x86_64, r-release-windows-ix86+x86_64