CRAN Package Check Results for Package cbird

Last updated on 2021-10-28 00:48:40 CEST.

Flavor Version Tinstall Tcheck Ttotal Status Flags
r-devel-linux-x86_64-debian-clang 1.0 3.61 20.56 24.17 OK
r-devel-linux-x86_64-debian-gcc 1.0 2.53 16.32 18.85 OK
r-devel-linux-x86_64-fedora-clang 1.0 41.01 NOTE
r-devel-linux-x86_64-fedora-gcc 1.0 32.28 NOTE
r-devel-windows-x86_64 1.0 7.00 37.00 44.00 OK
r-devel-windows-x86_64-gcc10-UCRT 1.0 OK
r-patched-linux-x86_64 1.0 3.19 19.89 23.08 OK
r-patched-solaris-x86 1.0 49.70 OK
r-release-linux-x86_64 1.0 3.42 20.09 23.51 OK
r-release-macos-arm64 1.0 OK
r-release-macos-x86_64 1.0 OK
r-release-windows-ix86+x86_64 1.0 10.00 30.00 40.00 OK
r-oldrel-macos-x86_64 1.0 OK
r-oldrel-windows-ix86+x86_64 1.0 9.00 32.00 41.00 OK

Check Details

Version: 1.0
Check: compiled code
Result: NOTE
    File ‘cbird/libs/cbird.so’:
     Found no calls to: ‘R_registerRoutines’, ‘R_useDynamicSymbols’
    
    It is good practice to register native routines and to disable symbol
    search.
    
    See ‘Writing portable packages’ in the ‘Writing R Extensions’ manual.
Flavors: r-devel-linux-x86_64-fedora-clang, r-devel-linux-x86_64-fedora-gcc