Last updated on 2023-10-04 00:58:18 CEST.
Flavor | Version | Tinstall | Tcheck | Ttotal | Status | Flags |
---|---|---|---|---|---|---|
r-devel-linux-x86_64-debian-clang | 0.2-9 | 235.73 | 64.84 | 300.57 | OK | |
r-devel-linux-x86_64-debian-gcc | 0.2-9 | 185.63 | 48.88 | 234.51 | OK | |
r-devel-linux-x86_64-fedora-clang | 0.2-9 | 446.35 | OK | |||
r-devel-linux-x86_64-fedora-gcc | 0.2-9 | 476.82 | OK | |||
r-devel-windows-x86_64 | 0.2-9 | 176.00 | 106.00 | 282.00 | OK | |
r-patched-linux-x86_64 | 0.2-9 | 240.74 | 64.56 | 305.30 | OK | |
r-release-linux-x86_64 | 0.2-9 | 231.44 | 63.37 | 294.81 | OK | |
r-release-macos-arm64 | 0.2-9 | 88.00 | NOTE | |||
r-release-macos-x86_64 | 0.2-9 | 195.00 | NOTE | |||
r-release-windows-x86_64 | 0.2-9 | 227.00 | 115.00 | 342.00 | OK | |
r-oldrel-macos-arm64 | 0.2-9 | 89.00 | NOTE | |||
r-oldrel-macos-x86_64 | 0.2-9 | 133.00 | NOTE | |||
r-oldrel-windows-x86_64 | 0.2-9 | 212.00 | 109.00 | 321.00 | OK |
Version: 0.2-9
Check: installed package size
Result: NOTE
installed size is 18.8Mb
sub-directories of 1Mb or more:
libs 18.5Mb
Flavors: r-release-macos-arm64, r-release-macos-x86_64, r-oldrel-macos-arm64, r-oldrel-macos-x86_64