Last updated on 2023-10-03 01:04:47 CEST.
Flavor | Version | Tinstall | Tcheck | Ttotal | Status | Flags |
---|---|---|---|---|---|---|
r-devel-linux-x86_64-debian-clang | 1.0.6 | 5.79 | 50.54 | 56.33 | NOTE | |
r-devel-linux-x86_64-debian-gcc | 1.0.6 | 4.63 | 37.23 | 41.86 | NOTE | |
r-devel-linux-x86_64-fedora-clang | 1.0.6 | 70.24 | NOTE | |||
r-devel-linux-x86_64-fedora-gcc | 1.0.6 | 68.16 | NOTE | |||
r-devel-windows-x86_64 | 1.0.6 | 8.00 | 58.00 | 66.00 | NOTE | |
r-patched-linux-x86_64 | 1.0.6 | 6.10 | 48.38 | 54.48 | NOTE | |
r-release-linux-x86_64 | 1.0.6 | 6.10 | 49.01 | 55.11 | NOTE | |
r-release-macos-arm64 | 1.0.6 | 26.00 | NOTE | |||
r-release-macos-x86_64 | 1.0.6 | 36.00 | NOTE | |||
r-release-windows-x86_64 | 1.0.6 | 9.00 | 63.00 | 72.00 | NOTE | |
r-oldrel-macos-arm64 | 1.0.6 | 25.00 | OK | |||
r-oldrel-macos-x86_64 | 1.0.6 | 32.00 | OK | |||
r-oldrel-windows-x86_64 | 1.0.6 | 10.00 | 64.00 | 74.00 | OK |
Version: 1.0.6
Check: package subdirectories
Result: NOTE
Problems with news in ‘NEWS.md’:
No news entries found.
Flavors: r-devel-linux-x86_64-debian-clang, r-devel-linux-x86_64-debian-gcc, r-devel-linux-x86_64-fedora-clang, r-devel-linux-x86_64-fedora-gcc, r-devel-windows-x86_64, r-patched-linux-x86_64, r-release-linux-x86_64, r-release-macos-arm64, r-release-macos-x86_64, r-release-windows-x86_64