CRAN Package Check Results for Package cder

Last updated on 2021-10-27 00:50:59 CEST.

Flavor Version Tinstall Tcheck Ttotal Status Flags
r-devel-linux-x86_64-debian-clang 0.2-2 6.57 53.19 59.76 NOTE
r-devel-linux-x86_64-debian-gcc 0.2-2 4.61 40.65 45.26 NOTE
r-devel-linux-x86_64-fedora-clang 0.2-2 83.24 NOTE
r-devel-linux-x86_64-fedora-gcc 0.2-2 75.07 NOTE
r-devel-windows-x86_64 0.2-2 10.00 86.00 96.00 NOTE
r-devel-windows-x86_64-gcc10-UCRT 0.2-2 NOTE
r-patched-linux-x86_64 0.2-2 5.98 49.37 55.35 NOTE
r-patched-solaris-x86 0.2-2 113.20 NOTE
r-release-linux-x86_64 0.2-2 5.60 49.80 55.40 NOTE
r-release-macos-arm64 0.2-2 NOTE
r-release-macos-x86_64 0.2-2 NOTE
r-release-windows-ix86+x86_64 0.2-2 13.00 78.00 91.00 NOTE
r-oldrel-macos-x86_64 0.2-2 OK
r-oldrel-windows-ix86+x86_64 0.2-2 17.00 77.00 94.00 OK

Check Details

Version: 0.2-2
Check: LazyData
Result: NOTE
     'LazyData' is specified without a 'data' directory
Flavors: r-devel-linux-x86_64-debian-clang, r-devel-linux-x86_64-debian-gcc, r-devel-linux-x86_64-fedora-clang, r-devel-linux-x86_64-fedora-gcc, r-devel-windows-x86_64, r-devel-windows-x86_64-gcc10-UCRT, r-patched-linux-x86_64, r-patched-solaris-x86, r-release-linux-x86_64, r-release-macos-arm64, r-release-macos-x86_64, r-release-windows-ix86+x86_64