CRAN Package Check Results for Package cfr

Last updated on 2024-06-16 00:58:17 CEST.

Flavor Version Tinstall Tcheck Ttotal Status Flags
r-devel-linux-x86_64-debian-clang 0.1.1 3.49 131.34 134.83 OK
r-devel-linux-x86_64-debian-gcc 0.1.1 1.99 94.70 96.69 OK
r-devel-linux-x86_64-fedora-clang 0.1.1 170.49 OK
r-devel-linux-x86_64-fedora-gcc 0.1.1 202.70 OK
r-devel-windows-x86_64 0.1.1 6.00 188.00 194.00 ERROR
r-patched-linux-x86_64 0.1.0 3.03 124.76 127.79 OK
r-release-linux-x86_64 0.1.0 2.86 131.81 134.67 OK
r-release-macos-arm64 0.1.1 101.00 OK
r-release-macos-x86_64 0.1.1 244.00 OK
r-release-windows-x86_64 0.1.1 5.00 168.00 173.00 OK
r-oldrel-macos-arm64 0.1.1 114.00 OK
r-oldrel-macos-x86_64 0.1.1 221.00 OK
r-oldrel-windows-x86_64 0.1.1 6.00 169.00 175.00 OK

Check Details

Version: 0.1.1
Check: whether package can be installed
Result: ERROR Installation failed. Flavor: r-devel-windows-x86_64