CRAN Package Check Results for Package changepoint

Last updated on 2021-12-07 00:49:14 CET.

Flavor Version Tinstall Tcheck Ttotal Status Flags
r-devel-linux-x86_64-debian-clang 2.2.2 11.06 305.47 316.53 NOTE
r-devel-linux-x86_64-debian-gcc 2.2.2 7.79 228.40 236.19 NOTE
r-devel-linux-x86_64-fedora-clang 2.2.2 373.82 NOTE
r-devel-linux-x86_64-fedora-gcc 2.2.2 352.01 NOTE
r-devel-windows-x86_64-new-UL 2.2.2 37.00 360.00 397.00 NOTE
r-devel-windows-x86_64-new-TK 2.2.2 NOTE
r-devel-windows-x86_64-old 2.2.2 20.00 269.00 289.00 NOTE
r-patched-linux-x86_64 2.2.2 10.70 294.42 305.12 NOTE
r-release-linux-x86_64 2.2.2 8.99 295.86 304.85 NOTE
r-release-macos-arm64 2.2.2 NOTE
r-release-macos-x86_64 2.2.2 NOTE
r-release-windows-ix86+x86_64 2.2.2 26.00 627.00 653.00 NOTE
r-oldrel-macos-x86_64 2.2.2 NOTE
r-oldrel-windows-ix86+x86_64 2.2.2 26.00 671.00 697.00 NOTE

Check Details

Version: 2.2.2
Check: DESCRIPTION meta-information
Result: NOTE
    BugReports field is not a suitable URL but contains an email address:
     use the Contact field instead
Flavors: r-devel-linux-x86_64-debian-clang, r-devel-linux-x86_64-debian-gcc, r-devel-linux-x86_64-fedora-clang, r-devel-linux-x86_64-fedora-gcc, r-devel-windows-x86_64-new-UL, r-devel-windows-x86_64-new-TK, r-devel-windows-x86_64-old, r-patched-linux-x86_64, r-release-linux-x86_64, r-release-macos-arm64, r-release-macos-x86_64, r-release-windows-ix86+x86_64, r-oldrel-macos-x86_64, r-oldrel-windows-ix86+x86_64

Version: 2.2.2
Check: compiled code
Result: NOTE
    File ‘changepoint/libs/changepoint.so’:
     Found no calls to: ‘R_registerRoutines’, ‘R_useDynamicSymbols’
    
    It is good practice to register native routines and to disable symbol
    search.
    
    See ‘Writing portable packages’ in the ‘Writing R Extensions’ manual.
Flavors: r-devel-linux-x86_64-fedora-clang, r-devel-linux-x86_64-fedora-gcc