CRAN Package Check Results for Package checkarg

Last updated on 2021-10-17 00:48:32 CEST.

Flavor Version Tinstall Tcheck Ttotal Status Flags
r-devel-linux-x86_64-debian-clang 0.1.0 9.52 76.33 85.85 NOTE
r-devel-linux-x86_64-debian-gcc 0.1.0 8.74 59.52 68.26 NOTE
r-devel-linux-x86_64-fedora-clang 0.1.0 121.86 NOTE
r-devel-linux-x86_64-fedora-gcc 0.1.0 109.31 NOTE
r-devel-windows-x86_64 0.1.0 14.00 93.00 107.00 NOTE
r-devel-windows-x86_64-gcc10-UCRT 0.1.0 NOTE
r-patched-linux-x86_64 0.1.0 15.19 73.89 89.08 NOTE
r-patched-solaris-x86 0.1.0 129.10 NOTE
r-release-linux-x86_64 0.1.0 9.20 73.66 82.86 NOTE
r-release-macos-arm64 0.1.0 NOTE
r-release-macos-x86_64 0.1.0 NOTE
r-release-windows-ix86+x86_64 0.1.0 17.00 91.00 108.00 NOTE
r-oldrel-macos-x86_64 0.1.0 OK
r-oldrel-windows-ix86+x86_64 0.1.0 16.00 88.00 104.00 OK

Check Details

Version: 0.1.0
Check: LazyData
Result: NOTE
     'LazyData' is specified without a 'data' directory
Flavors: r-devel-linux-x86_64-debian-clang, r-devel-linux-x86_64-debian-gcc, r-devel-linux-x86_64-fedora-clang, r-devel-linux-x86_64-fedora-gcc, r-devel-windows-x86_64, r-devel-windows-x86_64-gcc10-UCRT, r-patched-linux-x86_64, r-patched-solaris-x86, r-release-linux-x86_64, r-release-macos-arm64, r-release-macos-x86_64, r-release-windows-ix86+x86_64