CRAN Package Check Results for Package checkr

Last updated on 2021-10-23 00:48:49 CEST.

Flavor Version Tinstall Tcheck Ttotal Status Flags
r-devel-linux-x86_64-debian-clang 0.5.0 4.36 38.83 43.19 NOTE
r-devel-linux-x86_64-debian-gcc 0.5.0 3.20 30.34 33.54 NOTE
r-devel-linux-x86_64-fedora-clang 0.5.0 63.11 NOTE
r-devel-linux-x86_64-fedora-gcc 0.5.0 52.44 NOTE
r-devel-windows-x86_64 0.5.0 7.00 66.00 73.00 NOTE
r-devel-windows-x86_64-gcc10-UCRT 0.5.0 NOTE
r-patched-linux-x86_64 0.5.0 4.92 38.13 43.05 NOTE
r-patched-solaris-x86 0.5.0 68.30 NOTE
r-release-linux-x86_64 0.5.0 3.85 37.74 41.59 NOTE
r-release-macos-arm64 0.5.0 NOTE
r-release-macos-x86_64 0.5.0 NOTE
r-release-windows-ix86+x86_64 0.5.0 6.00 63.00 69.00 NOTE
r-oldrel-macos-x86_64 0.5.0 OK
r-oldrel-windows-ix86+x86_64 0.5.0 8.00 68.00 76.00 OK

Check Details

Version: 0.5.0
Check: LazyData
Result: NOTE
     'LazyData' is specified without a 'data' directory
Flavors: r-devel-linux-x86_64-debian-clang, r-devel-linux-x86_64-debian-gcc, r-devel-linux-x86_64-fedora-clang, r-devel-linux-x86_64-fedora-gcc, r-devel-windows-x86_64, r-devel-windows-x86_64-gcc10-UCRT, r-patched-linux-x86_64, r-patched-solaris-x86, r-release-linux-x86_64, r-release-macos-arm64, r-release-macos-x86_64, r-release-windows-ix86+x86_64