CRAN Package Check Results for Package cholera

Last updated on 2021-10-21 00:49:40 CEST.

Flavor Version Tinstall Tcheck Ttotal Status Flags
r-devel-linux-x86_64-debian-clang 0.7.9 17.42 201.86 219.28 OK
r-devel-linux-x86_64-debian-gcc 0.7.9 13.12 143.91 157.03 OK
r-devel-linux-x86_64-fedora-clang 0.7.9 260.47 NOTE
r-devel-linux-x86_64-fedora-gcc 0.7.9 245.36 NOTE
r-devel-windows-x86_64 0.7.9 28.00 249.00 277.00 OK
r-devel-windows-x86_64-gcc10-UCRT 0.7.9 ERROR
r-patched-linux-x86_64 0.7.9 16.97 192.99 209.96 OK
r-patched-solaris-x86 0.7.9 193.40 NOTE
r-release-linux-x86_64 0.7.9 18.58 194.02 212.60 OK
r-release-macos-arm64 0.7.5 OK
r-release-macos-x86_64 0.7.9 NOTE
r-release-windows-ix86+x86_64 0.7.9 24.00 171.00 195.00 OK
r-oldrel-macos-x86_64 0.7.9 NOTE
r-oldrel-windows-ix86+x86_64 0.7.9 22.00 170.00 192.00 OK

Check Details

Version: 0.7.9
Check: dependencies in R code
Result: NOTE
    Namespace in Imports field not imported from: ‘raster’
     All declared Imports should be used.
Flavors: r-devel-linux-x86_64-fedora-clang, r-devel-linux-x86_64-fedora-gcc, r-patched-solaris-x86, r-release-macos-x86_64, r-oldrel-macos-x86_64

Version: 0.7.9
Check: package dependencies
Result: ERROR
    Packages required but not available: 'igraph', 'threejs'
    
    See section 'The DESCRIPTION file' in the 'Writing R Extensions'
    manual.
Flavor: r-devel-windows-x86_64-gcc10-UCRT

Version: 0.7.9
Check: installed package size
Result: NOTE
     installed size is 5.3Mb
     sub-directories of 1Mb or more:
     data 1.0Mb
     doc 1.7Mb
     help 1.9Mb
Flavor: r-patched-solaris-x86