CRAN Package Check Results for Package choroplethr

Last updated on 2021-09-19 00:52:14 CEST.

Flavor Version Tinstall Tcheck Ttotal Status Flags
r-devel-linux-x86_64-debian-clang 3.7.0 29.97 159.90 189.87 OK
r-devel-linux-x86_64-debian-gcc 3.7.0 19.20 118.66 137.86 OK
r-devel-linux-x86_64-fedora-clang 3.7.0 236.03 NOTE
r-devel-linux-x86_64-fedora-gcc 3.7.0 214.14 NOTE
r-devel-windows-x86_64 3.7.0 33.00 219.00 252.00 OK
r-devel-windows-x86_64-gcc10-UCRT 3.7.0 NOTE
r-patched-linux-x86_64 3.7.0 22.74 148.88 171.62 OK
r-patched-solaris-x86 3.7.0 329.50 NOTE
r-release-linux-x86_64 3.7.0 24.42 147.52 171.94 OK
r-release-macos-arm64 3.7.0 NOTE
r-release-macos-x86_64 3.7.0 NOTE
r-release-windows-ix86+x86_64 3.7.0 62.00 168.00 230.00 OK
r-oldrel-macos-x86_64 3.7.0 NOTE
r-oldrel-windows-ix86+x86_64 3.7.0 61.00 169.00 230.00 OK

Check Details

Version: 3.7.0
Check: data for non-ASCII characters
Result: NOTE
     Note: found 10 marked UTF-8 strings
Flavors: r-devel-linux-x86_64-fedora-clang, r-devel-linux-x86_64-fedora-gcc, r-devel-windows-x86_64-gcc10-UCRT, r-patched-solaris-x86, r-release-macos-arm64, r-release-macos-x86_64, r-oldrel-macos-x86_64