CRAN Package Check Results for Package chron

Last updated on 2021-09-21 00:48:49 CEST.

Flavor Version Tinstall Tcheck Ttotal Status Flags
r-devel-linux-x86_64-debian-clang 2.3-56 4.99 35.49 40.48 OK
r-devel-linux-x86_64-debian-gcc 2.3-56 3.88 27.69 31.57 OK
r-devel-linux-x86_64-fedora-clang 2.3-56 58.55 OK
r-devel-linux-x86_64-fedora-gcc 2.3-56 48.30 OK
r-devel-windows-x86_64 2.3-56 7.00 41.00 48.00 OK
r-devel-windows-x86_64-gcc10-UCRT 2.3-56 ERROR
r-patched-linux-x86_64 2.3-56 4.91 33.96 38.87 OK
r-patched-solaris-x86 2.3-56 66.20 OK
r-release-linux-x86_64 2.3-56 4.85 34.06 38.91 OK
r-release-macos-arm64 2.3-56 OK
r-release-macos-x86_64 2.3-56 OK
r-release-windows-ix86+x86_64 2.3-56 12.00 44.00 56.00 OK
r-oldrel-macos-x86_64 2.3-56 OK
r-oldrel-windows-ix86+x86_64 2.3-56 12.00 49.00 61.00 OK

Check Details

Version: 2.3-56
Check: whether package can be installed
Result: ERROR
    Installation failed.
Flavor: r-devel-windows-x86_64-gcc10-UCRT