CRAN Package Check Results for Package cifti

Last updated on 2023-10-05 01:01:40 CEST.

Flavor Version Tinstall Tcheck Ttotal Status Flags
r-devel-linux-x86_64-debian-clang 0.4.5 6.95 62.74 69.69 NOTE
r-devel-linux-x86_64-debian-gcc 0.4.5 5.62 47.14 52.76 NOTE
r-devel-linux-x86_64-fedora-clang 0.4.5 83.46 NOTE
r-devel-linux-x86_64-fedora-gcc 0.4.5 93.27 NOTE
r-devel-windows-x86_64 0.4.5 8.00 67.00 75.00 NOTE
r-patched-linux-x86_64 0.4.5 4.61 59.56 64.17 NOTE
r-release-linux-x86_64 0.4.5 5.97 59.03 65.00 NOTE
r-release-macos-arm64 0.4.5 34.00 NOTE
r-release-macos-x86_64 0.4.5 51.00 NOTE
r-release-windows-x86_64 0.4.5 12.00 75.00 87.00 NOTE
r-oldrel-macos-arm64 0.4.5 27.00 NOTE
r-oldrel-macos-x86_64 0.4.5 41.00 NOTE
r-oldrel-windows-x86_64 0.4.5 8.00 74.00 82.00 NOTE

Check Details

Version: 0.4.5
Check: LazyData
Result: NOTE
     'LazyData' is specified without a 'data' directory
Flavors: r-devel-linux-x86_64-debian-clang, r-devel-linux-x86_64-debian-gcc, r-devel-linux-x86_64-fedora-clang, r-devel-linux-x86_64-fedora-gcc, r-devel-windows-x86_64, r-patched-linux-x86_64, r-release-linux-x86_64, r-release-macos-arm64, r-release-macos-x86_64, r-release-windows-x86_64, r-oldrel-macos-arm64, r-oldrel-macos-x86_64, r-oldrel-windows-x86_64