Last updated on 2023-03-23 00:51:06 CET.
Flavor | Version | Tinstall | Tcheck | Ttotal | Status | Flags |
---|---|---|---|---|---|---|
r-devel-linux-x86_64-debian-clang | 0.2.3 | 7.34 | 151.49 | 158.83 | OK | |
r-devel-linux-x86_64-debian-gcc | 0.2.3 | 6.63 | 115.11 | 121.74 | OK | |
r-devel-linux-x86_64-fedora-clang | 0.2.3 | 211.63 | OK | |||
r-devel-linux-x86_64-fedora-gcc | 0.2.3 | 213.14 | OK | |||
r-devel-windows-x86_64 | 0.2.3 | 31.00 | 196.00 | 227.00 | OK | |
r-patched-linux-x86_64 | 0.2.3 | 5.62 | 145.82 | 151.44 | OK | |
r-release-linux-x86_64 | 0.2.3 | 6.50 | 147.18 | 153.68 | OK | |
r-release-macos-arm64 | 0.2.3 | 6.00 | ERROR | |||
r-release-macos-x86_64 | 0.2.3 | 9.00 | ERROR | |||
r-release-windows-x86_64 | 0.2.3 | 25.00 | 183.00 | 208.00 | OK | |
r-oldrel-macos-arm64 | 0.2.3 | 10.00 | ERROR | |||
r-oldrel-macos-x86_64 | 0.2.3 | 12.00 | ERROR | |||
r-oldrel-windows-ix86+x86_64 | 0.2.3 | 19.00 | 182.00 | 201.00 | NOTE |
Version: 0.2.3
Check: package dependencies
Result: ERROR
Packages required but not available:
'ChIPseeker', 'TxDb.Hsapiens.UCSC.hg38.knownGene',
'TxDb.Mmusculus.UCSC.mm10.knownGene'
See section ‘The DESCRIPTION file’ in the ‘Writing R Extensions’
manual.
Flavor: r-release-macos-arm64
Version: 0.2.3
Check: package dependencies
Result: ERROR
Package required but not available: ‘TxDb.Mmusculus.UCSC.mm10.knownGene’
See section ‘The DESCRIPTION file’ in the ‘Writing R Extensions’
manual.
Flavors: r-release-macos-x86_64, r-oldrel-macos-arm64, r-oldrel-macos-x86_64
Version: 0.2.3
Check: dependencies in R code
Result: NOTE
Initiating curl with CURL_SSL_BACKEND: openssl
Flavor: r-oldrel-windows-ix86+x86_64