CRAN Package Check Results for Package citationchaser

Last updated on 2024-06-13 00:55:09 CEST.

Flavor Version Tinstall Tcheck Ttotal Status Flags
r-devel-linux-x86_64-debian-clang 0.0.4 15.40 101.70 117.10 OK
r-devel-linux-x86_64-debian-gcc 0.0.4 0.38 1.59 1.97 ERROR
r-devel-linux-x86_64-fedora-clang 0.0.4 145.07 NOTE
r-devel-linux-x86_64-fedora-gcc 0.0.4 130.55 NOTE
r-devel-windows-x86_64 0.0.4 11.00 84.00 95.00 OK
r-patched-linux-x86_64 0.0.4 9.57 95.79 105.36 OK
r-release-linux-x86_64 0.0.4 8.51 97.90 106.41 OK
r-release-macos-arm64 0.0.4 41.00 OK
r-release-macos-x86_64 0.0.4 63.00 OK
r-release-windows-x86_64 0.0.4 12.00 86.00 98.00 OK
r-oldrel-macos-arm64 0.0.4 44.00 OK
r-oldrel-macos-x86_64 0.0.4 69.00 OK
r-oldrel-windows-x86_64 0.0.4 15.00 103.00 118.00 OK

Check Details

Version: 0.0.4
Check: package dependencies
Result: ERROR Packages required but not available: 'dplyr', 'MESS', 'networkD3', 'tibble' See section ‘The DESCRIPTION file’ in the ‘Writing R Extensions’ manual. Flavor: r-devel-linux-x86_64-debian-gcc

Version: 0.0.4
Check: dependencies in R code
Result: NOTE Namespace in Imports field not imported from: ‘networkD3’ All declared Imports should be used. Flavors: r-devel-linux-x86_64-fedora-clang, r-devel-linux-x86_64-fedora-gcc