CRAN Package Check Results for Package citationchaser

Last updated on 2025-01-20 00:48:17 CET.

Flavor Version Tinstall Tcheck Ttotal Status Flags
r-devel-linux-x86_64-debian-clang 0.0.4 10.83 78.80 89.63 OK
r-devel-linux-x86_64-debian-gcc 0.0.4 7.57 57.87 65.44 OK
r-devel-linux-x86_64-fedora-clang 0.0.4 152.95 NOTE
r-devel-linux-x86_64-fedora-gcc 0.0.4 134.22 NOTE
r-devel-windows-x86_64 0.0.4 13.00 87.00 100.00 OK
r-patched-linux-x86_64 0.0.4 9.23 73.06 82.29 OK
r-release-linux-x86_64 0.0.4 9.25 72.58 81.83 OK
r-release-macos-arm64 0.0.4 41.00 OK
r-release-macos-x86_64 0.0.4 63.00 OK
r-release-windows-x86_64 0.0.4 12.00 89.00 101.00 OK
r-oldrel-macos-arm64 0.0.4 44.00 OK
r-oldrel-macos-x86_64 0.0.4 69.00 OK
r-oldrel-windows-x86_64 0.0.4 14.00 99.00 113.00 OK

Check Details

Version: 0.0.4
Check: dependencies in R code
Result: NOTE Namespace in Imports field not imported from: ‘networkD3’ All declared Imports should be used. Flavors: r-devel-linux-x86_64-fedora-clang, r-devel-linux-x86_64-fedora-gcc