CRAN Package Check Results for Package cld2

Last updated on 2023-12-03 00:56:38 CET.

Flavor Version Tinstall Tcheck Ttotal Status Flags
r-devel-linux-x86_64-debian-clang 1.2.4 38.87 29.14 68.01 NOTE
r-devel-linux-x86_64-debian-gcc 1.2.4 26.69 22.63 49.32 NOTE
r-devel-linux-x86_64-fedora-clang 1.2.4 106.93 NOTE
r-devel-linux-x86_64-fedora-gcc 1.2.4 89.84 NOTE
r-devel-windows-x86_64 1.2.4 30.00 65.00 95.00 NOTE
r-patched-linux-x86_64 1.2.4 32.71 28.61 61.32 NOTE
r-release-linux-x86_64 1.2.4 34.68 28.67 63.35 NOTE
r-release-macos-arm64 1.2.4 28.00 NOTE
r-release-macos-x86_64 1.2.4 45.00 NOTE
r-release-windows-x86_64 1.2.4 31.00 73.00 104.00 NOTE
r-oldrel-macos-arm64 1.2.4 29.00 OK
r-oldrel-macos-x86_64 1.2.4 40.00 OK
r-oldrel-windows-x86_64 1.2.4 43.00 72.00 115.00 OK

Check Details

Version: 1.2.4
Check: C++ specification
Result: NOTE Specified C++11: please drop specification unless essential Flavors: r-devel-linux-x86_64-debian-clang, r-devel-linux-x86_64-debian-gcc, r-devel-linux-x86_64-fedora-clang, r-devel-linux-x86_64-fedora-gcc, r-devel-windows-x86_64, r-patched-linux-x86_64, r-release-linux-x86_64, r-release-macos-arm64, r-release-macos-x86_64, r-release-windows-x86_64