CRAN Package Check Results for Package clespr

Last updated on 2024-07-18 00:54:50 CEST.

Flavor Version Tinstall Tcheck Ttotal Status Flags
r-devel-linux-x86_64-debian-clang 1.1.2 10.06 80.46 90.52 NOTE
r-devel-linux-x86_64-debian-gcc 1.1.2 6.76 58.69 65.45 NOTE
r-devel-linux-x86_64-fedora-clang 1.1.2 108.48 NOTE
r-devel-linux-x86_64-fedora-gcc 1.1.2 107.94 NOTE
r-devel-windows-x86_64 1.1.2 9.00 76.00 85.00 NOTE
r-patched-linux-x86_64 1.1.2 7.91 75.24 83.15 NOTE
r-release-linux-x86_64 1.1.2 7.44 76.55 83.99 NOTE
r-release-macos-arm64 1.1.2 37.00 NOTE
r-release-macos-x86_64 1.1.2 48.00 NOTE
r-release-windows-x86_64 1.1.2 9.00 76.00 85.00 NOTE
r-oldrel-macos-arm64 1.1.2 40.00 NOTE
r-oldrel-macos-x86_64 1.1.2 59.00 NOTE
r-oldrel-windows-x86_64 1.1.2 12.00 88.00 100.00 NOTE

Check Details

Version: 1.1.2
Check: LazyData
Result: NOTE 'LazyData' is specified without a 'data' directory Flavors: r-devel-linux-x86_64-debian-clang, r-devel-linux-x86_64-debian-gcc, r-devel-linux-x86_64-fedora-clang, r-devel-linux-x86_64-fedora-gcc, r-devel-windows-x86_64, r-patched-linux-x86_64, r-release-linux-x86_64, r-release-macos-arm64, r-release-macos-x86_64, r-release-windows-x86_64, r-oldrel-macos-arm64, r-oldrel-macos-x86_64, r-oldrel-windows-x86_64