CRAN Package Check Results for Package clespr

Last updated on 2023-09-24 00:56:38 CEST.

Flavor Version Tinstall Tcheck Ttotal Status Flags
r-devel-linux-x86_64-debian-clang 1.1.2 8.54 82.19 90.73 NOTE
r-devel-linux-x86_64-debian-gcc 1.1.2 8.88 65.50 74.38 NOTE
r-devel-linux-x86_64-fedora-clang 1.1.2 111.91 NOTE
r-devel-linux-x86_64-fedora-gcc 1.1.2 114.90 NOTE
r-devel-windows-x86_64 1.1.2 9.00 79.00 88.00 NOTE
r-patched-linux-x86_64 1.1.2 6.35 81.22 87.57 NOTE
r-release-linux-x86_64 1.1.2 7.55 81.71 89.26 NOTE
r-release-macos-arm64 1.1.2 40.00 NOTE
r-release-macos-x86_64 1.1.2 59.00 NOTE
r-release-windows-x86_64 1.1.2 13.00 91.00 104.00 NOTE
r-oldrel-macos-arm64 1.1.2 36.00 NOTE
r-oldrel-macos-x86_64 1.1.2 58.00 NOTE
r-oldrel-windows-x86_64 1.1.2 13.00 94.00 107.00 NOTE

Check Details

Version: 1.1.2
Check: LazyData
Result: NOTE
     'LazyData' is specified without a 'data' directory
Flavors: r-devel-linux-x86_64-debian-clang, r-devel-linux-x86_64-debian-gcc, r-devel-linux-x86_64-fedora-clang, r-devel-linux-x86_64-fedora-gcc, r-devel-windows-x86_64, r-patched-linux-x86_64, r-release-linux-x86_64, r-release-macos-arm64, r-release-macos-x86_64, r-release-windows-x86_64, r-oldrel-macos-arm64, r-oldrel-macos-x86_64, r-oldrel-windows-x86_64