Last updated on 2023-03-20 00:54:01 CET.
Flavor | Version | Tinstall | Tcheck | Ttotal | Status | Flags |
---|---|---|---|---|---|---|
r-devel-linux-x86_64-debian-clang | 0.1.1 | NOTE | ||||
r-devel-linux-x86_64-debian-gcc | 0.1.1 | 4.69 | 137.66 | 142.35 | NOTE | |
r-devel-linux-x86_64-fedora-clang | 0.1.1 | 224.94 | NOTE | |||
r-devel-linux-x86_64-fedora-gcc | 0.1.1 | 222.06 | NOTE | |||
r-devel-windows-x86_64 | 0.1.1 | 25.00 | 176.00 | 201.00 | NOTE | |
r-patched-linux-x86_64 | 0.1.1 | 5.70 | 173.66 | 179.36 | NOTE | |
r-release-linux-x86_64 | 0.1.1 | 4.17 | 177.19 | 181.36 | NOTE | |
r-release-macos-arm64 | 0.1.1 | 48.00 | NOTE | |||
r-release-macos-x86_64 | 0.1.1 | 78.00 | NOTE | |||
r-release-windows-x86_64 | 0.1.1 | 31.00 | 188.00 | 219.00 | NOTE | |
r-oldrel-macos-arm64 | 0.1.1 | 63.00 | NOTE | |||
r-oldrel-macos-x86_64 | 0.1.1 | 85.00 | NOTE | |||
r-oldrel-windows-ix86+x86_64 | 0.1.1 | 12.00 | 183.00 | 195.00 | NOTE |
Version: 0.1.1
Check: LazyData
Result: NOTE
'LazyData' is specified without a 'data' directory
Flavors: r-devel-linux-x86_64-debian-clang, r-devel-linux-x86_64-debian-gcc, r-devel-linux-x86_64-fedora-clang, r-devel-linux-x86_64-fedora-gcc, r-devel-windows-x86_64, r-patched-linux-x86_64, r-release-linux-x86_64, r-release-macos-arm64, r-release-macos-x86_64, r-release-windows-x86_64, r-oldrel-macos-arm64, r-oldrel-macos-x86_64, r-oldrel-windows-ix86+x86_64