CRAN Package Check Results for Package cliapp

Last updated on 2023-12-06 00:58:08 CET.

Flavor Version Tinstall Tcheck Ttotal Status Flags
r-devel-linux-x86_64-debian-clang 0.1.1 5.42 178.48 183.90 NOTE
r-devel-linux-x86_64-debian-gcc 0.1.1 4.64 134.75 139.39 NOTE
r-devel-linux-x86_64-fedora-clang 0.1.1 225.13 NOTE
r-devel-linux-x86_64-fedora-gcc 0.1.1 217.56 NOTE
r-devel-windows-x86_64 0.1.1 6.00 119.00 125.00 NOTE
r-patched-linux-x86_64 0.1.1 5.32 174.95 180.27 NOTE
r-release-linux-x86_64 0.1.1 5.07 175.25 180.32 NOTE
r-release-macos-arm64 0.1.1 66.00 NOTE
r-release-macos-x86_64 0.1.1 110.00 NOTE
r-release-windows-x86_64 0.1.1 8.00 152.00 160.00 NOTE
r-oldrel-macos-arm64 0.1.1 48.00 NOTE
r-oldrel-macos-x86_64 0.1.1 78.00 NOTE
r-oldrel-windows-x86_64 0.1.1 8.00 156.00 164.00 NOTE

Check Details

Version: 0.1.1
Check: LazyData
Result: NOTE 'LazyData' is specified without a 'data' directory Flavors: r-devel-linux-x86_64-debian-clang, r-devel-linux-x86_64-debian-gcc, r-devel-linux-x86_64-fedora-clang, r-devel-linux-x86_64-fedora-gcc, r-devel-windows-x86_64, r-patched-linux-x86_64, r-release-linux-x86_64, r-release-macos-arm64, r-release-macos-x86_64, r-release-windows-x86_64, r-oldrel-macos-arm64, r-oldrel-macos-x86_64, r-oldrel-windows-x86_64