Last updated on 2023-09-24 23:59:45 CEST.
Flavor | Version | Tinstall | Tcheck | Ttotal | Status | Flags |
---|---|---|---|---|---|---|
r-devel-linux-x86_64-debian-clang | 0.9.39 | 5.10 | 39.91 | 45.01 | OK | |
r-devel-linux-x86_64-debian-gcc | 0.9.39 | 4.07 | 30.54 | 34.61 | OK | |
r-devel-linux-x86_64-fedora-clang | 0.9.39 | 55.34 | NOTE | |||
r-devel-linux-x86_64-fedora-gcc | 0.9.39 | 53.76 | NOTE | |||
r-devel-windows-x86_64 | 0.9.39 | 6.00 | 59.00 | 65.00 | OK | |
r-patched-linux-x86_64 | 0.9.39 | 6.47 | 37.99 | 44.46 | OK | |
r-release-linux-x86_64 | 0.9.39 | 5.46 | 38.47 | 43.93 | OK | |
r-release-macos-arm64 | 0.9.39 | 22.00 | OK | |||
r-release-macos-x86_64 | 0.9.39 | 36.00 | OK | |||
r-release-windows-x86_64 | 0.9.39 | 7.00 | 62.00 | 69.00 | OK | |
r-oldrel-macos-arm64 | 0.9.39 | 21.00 | OK | |||
r-oldrel-macos-x86_64 | 0.9.39 | 35.00 | OK | |||
r-oldrel-windows-x86_64 | 0.9.39 | 7.00 | 58.00 | 65.00 | OK |
Version: 0.9.39
Check: data for non-ASCII characters
Result: NOTE
Note: found 1 marked UTF-8 string
Flavors: r-devel-linux-x86_64-fedora-clang, r-devel-linux-x86_64-fedora-gcc