Last updated on 2023-09-29 00:56:44 CEST.
Flavor | Version | Tinstall | Tcheck | Ttotal | Status | Flags |
---|---|---|---|---|---|---|
r-devel-linux-x86_64-debian-clang | 1.2.0 | 7.86 | 69.23 | 77.09 | OK | |
r-devel-linux-x86_64-debian-gcc | 1.2.0 | 6.12 | 50.65 | 56.77 | OK | |
r-devel-linux-x86_64-fedora-clang | 1.2.0 | 93.12 | NOTE | |||
r-devel-linux-x86_64-fedora-gcc | 1.2.0 | 102.83 | NOTE | |||
r-devel-windows-x86_64 | 1.2.0 | 8.00 | 74.00 | 82.00 | OK | |
r-patched-linux-x86_64 | 1.2.0 | 8.89 | 64.15 | 73.04 | OK | |
r-release-linux-x86_64 | 1.2.0 | 7.01 | 65.07 | 72.08 | OK | |
r-release-macos-arm64 | 1.2.0 | 38.00 | OK | |||
r-release-macos-x86_64 | 1.2.0 | 83.00 | OK | |||
r-release-windows-x86_64 | 1.2.0 | 13.00 | 85.00 | 98.00 | OK | |
r-oldrel-macos-arm64 | 1.2.0 | 34.00 | OK | |||
r-oldrel-macos-x86_64 | 1.2.0 | 50.00 | OK | |||
r-oldrel-windows-x86_64 | 1.2.0 | 12.00 | 84.00 | 96.00 | OK |
Version: 1.2.0
Check: data for non-ASCII characters
Result: NOTE
Note: found 8737 marked UTF-8 strings
Flavors: r-devel-linux-x86_64-fedora-clang, r-devel-linux-x86_64-fedora-gcc