CRAN Package Check Results for Package climaemet

Last updated on 2024-07-18 00:54:50 CEST.

Flavor Version Tinstall Tcheck Ttotal Status Flags
r-devel-linux-x86_64-debian-clang 1.3.0 9.94 84.83 94.77 OK
r-devel-linux-x86_64-debian-gcc 1.3.0 6.51 62.20 68.71 OK
r-devel-linux-x86_64-fedora-clang 1.3.0 118.09 NOTE
r-devel-linux-x86_64-fedora-gcc 1.3.0 120.86 NOTE
r-devel-windows-x86_64 1.3.0 10.00 83.00 93.00 OK
r-patched-linux-x86_64 1.3.0 8.58 81.11 89.69 OK
r-release-linux-x86_64 1.3.0 6.56 81.07 87.63 OK
r-release-macos-arm64 1.3.0 50.00 OK
r-release-macos-x86_64 1.3.0 110.00 OK
r-release-windows-x86_64 1.3.0 10.00 83.00 93.00 OK
r-oldrel-macos-arm64 1.3.0 56.00 OK
r-oldrel-macos-x86_64 1.3.0 79.00 OK
r-oldrel-windows-x86_64 1.3.0 11.00 95.00 106.00 OK

Check Details

Version: 1.3.0
Check: data for non-ASCII characters
Result: NOTE Note: found 8737 marked UTF-8 strings Flavors: r-devel-linux-x86_64-fedora-clang, r-devel-linux-x86_64-fedora-gcc