CRAN Package Check Results for Package clinPK

Last updated on 2021-10-20 00:49:34 CEST.

Flavor Version Tinstall Tcheck Ttotal Status Flags
r-devel-linux-x86_64-debian-clang 0.9.0 5.79 35.27 41.06 NOTE
r-devel-linux-x86_64-debian-gcc 0.9.0 4.02 27.02 31.04 NOTE
r-devel-linux-x86_64-fedora-clang 0.9.0 60.84 NOTE
r-devel-linux-x86_64-fedora-gcc 0.9.0 49.09 NOTE
r-devel-windows-x86_64 0.9.0 9.00 53.00 62.00 NOTE
r-devel-windows-x86_64-gcc10-UCRT 0.9.0 NOTE
r-patched-linux-x86_64 0.9.0 6.33 34.38 40.71 NOTE
r-patched-solaris-x86 0.9.0 70.40 NOTE
r-release-linux-x86_64 0.9.0 5.20 34.83 40.03 NOTE
r-release-macos-arm64 0.9.0 NOTE
r-release-macos-x86_64 0.9.0 NOTE
r-release-windows-ix86+x86_64 0.9.0 7.00 54.00 61.00 NOTE
r-oldrel-macos-x86_64 0.9.0 OK
r-oldrel-windows-ix86+x86_64 0.9.0 10.00 56.00 66.00 OK

Check Details

Version: 0.9.0
Check: LazyData
Result: NOTE
     'LazyData' is specified without a 'data' directory
Flavors: r-devel-linux-x86_64-debian-clang, r-devel-linux-x86_64-debian-gcc, r-devel-linux-x86_64-fedora-clang, r-devel-linux-x86_64-fedora-gcc, r-devel-windows-x86_64, r-devel-windows-x86_64-gcc10-UCRT, r-patched-linux-x86_64, r-patched-solaris-x86, r-release-linux-x86_64, r-release-macos-arm64, r-release-macos-x86_64, r-release-windows-ix86+x86_64