CRAN Package Check Results for Package clipr

Last updated on 2021-10-23 00:48:49 CEST.

Flavor Version Tinstall Tcheck Ttotal Status Flags
r-devel-linux-x86_64-debian-clang 0.7.1 1.85 23.40 25.25 NOTE
r-devel-linux-x86_64-debian-gcc 0.7.1 1.53 18.95 20.48 NOTE
r-devel-linux-x86_64-fedora-clang 0.7.1 42.45 NOTE
r-devel-linux-x86_64-fedora-gcc 0.7.1 32.43 NOTE
r-devel-windows-x86_64 0.7.1 4.00 44.00 48.00 NOTE
r-devel-windows-x86_64-gcc10-UCRT 0.7.1 NOTE
r-patched-linux-x86_64 0.7.1 1.84 23.08 24.92 NOTE
r-patched-solaris-x86 0.7.1 52.00 NOTE
r-release-linux-x86_64 0.7.1 2.02 22.77 24.79 NOTE
r-release-macos-arm64 0.7.1 NOTE
r-release-macos-x86_64 0.7.1 NOTE
r-release-windows-ix86+x86_64 0.7.1 5.00 41.00 46.00 NOTE
r-oldrel-macos-x86_64 0.7.1 OK
r-oldrel-windows-ix86+x86_64 0.7.1 19.00 42.00 61.00 OK

Check Details

Version: 0.7.1
Check: LazyData
Result: NOTE
     'LazyData' is specified without a 'data' directory
Flavors: r-devel-linux-x86_64-debian-clang, r-devel-linux-x86_64-debian-gcc, r-devel-linux-x86_64-fedora-clang, r-devel-linux-x86_64-fedora-gcc, r-devel-windows-x86_64, r-devel-windows-x86_64-gcc10-UCRT, r-patched-linux-x86_64, r-patched-solaris-x86, r-release-linux-x86_64, r-release-macos-arm64, r-release-macos-x86_64, r-release-windows-ix86+x86_64