CRAN Package Check Results for Package clock

Last updated on 2021-10-21 00:49:40 CEST.

Flavor Version Tinstall Tcheck Ttotal Status Flags
r-devel-linux-x86_64-debian-clang 0.4.1 306.74 109.46 416.20 OK
r-devel-linux-x86_64-debian-gcc 0.4.1 224.97 89.72 314.69 OK
r-devel-linux-x86_64-fedora-clang 0.4.1 667.29 NOTE
r-devel-linux-x86_64-fedora-gcc 0.4.1 584.68 OK
r-devel-windows-x86_64 0.4.1 281.00 174.00 455.00 NOTE
r-devel-windows-x86_64-gcc10-UCRT 0.4.1 OK
r-patched-linux-x86_64 0.4.1 246.24 115.56 361.80 OK
r-patched-solaris-x86 0.4.1 431.30 NOTE
r-release-linux-x86_64 0.4.1 242.06 115.00 357.06 OK
r-release-macos-arm64 0.4.1 NOTE
r-release-macos-x86_64 0.4.1 NOTE
r-release-windows-ix86+x86_64 0.4.1 423.00 246.00 669.00 NOTE
r-oldrel-macos-x86_64 0.4.1 NOTE
r-oldrel-windows-ix86+x86_64 0.4.1 567.00 246.00 813.00 NOTE

Additional issues

rchk

Check Details

Version: 0.4.1
Check: installed package size
Result: NOTE
     installed size is 43.8Mb
     sub-directories of 1Mb or more:
     libs 42.2Mb
Flavors: r-devel-linux-x86_64-fedora-clang, r-devel-windows-x86_64, r-patched-solaris-x86, r-release-macos-arm64, r-release-macos-x86_64, r-release-windows-ix86+x86_64, r-oldrel-macos-x86_64, r-oldrel-windows-ix86+x86_64