CRAN Package Check Results for Package cloudml

Last updated on 2022-01-28 00:48:50 CET.

Flavor Version Tinstall Tcheck Ttotal Status Flags
r-devel-linux-x86_64-debian-clang 0.6.1 4.34 48.92 53.26 NOTE
r-devel-linux-x86_64-debian-gcc 0.6.1 3.32 37.37 40.69 NOTE
r-devel-linux-x86_64-fedora-clang 0.6.1 65.91 NOTE
r-devel-linux-x86_64-fedora-gcc 0.6.1 54.66 NOTE
r-devel-windows-x86_64-new-UL 0.6.1 61.00 83.00 144.00 NOTE
r-devel-windows-x86_64-new-TK 0.6.1 NOTE
r-patched-linux-x86_64 0.6.1 6.74 42.04 48.78 NOTE
r-release-linux-x86_64 0.6.1 4.44 43.10 47.54 NOTE
r-release-macos-arm64 0.6.1 NOTE
r-release-macos-x86_64 0.6.1 NOTE
r-release-windows-ix86+x86_64 0.6.1 14.00 53.00 67.00 NOTE
r-oldrel-macos-x86_64 0.6.1 OK
r-oldrel-windows-ix86+x86_64 0.6.1 11.00 53.00 64.00 OK

Check Details

Version: 0.6.1
Check: LazyData
Result: NOTE
     'LazyData' is specified without a 'data' directory
Flavors: r-devel-linux-x86_64-debian-clang, r-devel-linux-x86_64-debian-gcc, r-devel-linux-x86_64-fedora-clang, r-devel-linux-x86_64-fedora-gcc, r-devel-windows-x86_64-new-UL, r-devel-windows-x86_64-new-TK, r-patched-linux-x86_64, r-release-linux-x86_64, r-release-macos-arm64, r-release-macos-x86_64, r-release-windows-ix86+x86_64