Last updated on 2023-03-30 00:51:50 CEST.
Flavor | Version | Tinstall | Tcheck | Ttotal | Status | Flags |
---|---|---|---|---|---|---|
r-devel-linux-x86_64-debian-clang | 0.3-64 | 13.68 | 85.31 | 98.99 | OK | |
r-devel-linux-x86_64-debian-gcc | 0.3-64 | 8.80 | 64.16 | 72.96 | OK | |
r-devel-linux-x86_64-fedora-clang | 0.3-64 | 120.25 | NOTE | |||
r-devel-linux-x86_64-fedora-gcc | 0.3-64 | 127.05 | OK | |||
r-devel-windows-x86_64 | 0.3-64 | 97.00 | 0.00 | 97.00 | OK | |
r-patched-linux-x86_64 | 0.3-64 | 13.64 | 82.12 | 95.76 | OK | |
r-release-linux-x86_64 | 0.3-64 | 10.16 | 78.93 | 89.09 | OK | |
r-release-macos-arm64 | 0.3-64 | 48.00 | OK | |||
r-release-macos-x86_64 | 0.3-64 | 56.00 | OK | |||
r-release-windows-x86_64 | 0.3-64 | 70.00 | 149.00 | 219.00 | OK | |
r-oldrel-macos-arm64 | 0.3-64 | 52.00 | OK | |||
r-oldrel-macos-x86_64 | 0.3-64 | 57.00 | NOTE | |||
r-oldrel-windows-ix86+x86_64 | 0.3-64 | 28.00 | 127.00 | 155.00 | OK |
Version: 0.3-64
Check: Rd cross-references
Result: NOTE
Undeclared packages ‘mlbench’, ‘fpc’ in Rd xrefs
Flavor: r-devel-linux-x86_64-fedora-clang
Version: 0.3-64
Check: package dependencies
Result: NOTE
Package which this enhances but not available for checking: ‘kernlab’
Flavor: r-oldrel-macos-x86_64