CRAN Package Check Results for Package clue

Last updated on 2021-10-19 00:49:12 CEST.

Flavor Version Tinstall Tcheck Ttotal Status Flags
r-devel-linux-x86_64-debian-clang 0.3-60 11.45 76.68 88.13 OK
r-devel-linux-x86_64-debian-gcc 0.3-60 7.97 57.82 65.79 OK
r-devel-linux-x86_64-fedora-clang 0.3-60 117.34 NOTE
r-devel-linux-x86_64-fedora-gcc 0.3-60 105.47 OK
r-devel-windows-x86_64 0.3-60 19.00 105.00 124.00 OK
r-devel-windows-x86_64-gcc10-UCRT 0.3-60 OK
r-patched-linux-x86_64 0.3-60 10.50 75.25 85.75 OK
r-patched-solaris-x86 0.3-60 142.00 NOTE
r-release-linux-x86_64 0.3-60 9.70 74.56 84.26 OK
r-release-macos-arm64 0.3-59 OK
r-release-macos-x86_64 0.3-60 OK
r-release-windows-ix86+x86_64 0.3-60 15.00 96.00 111.00 OK
r-oldrel-macos-x86_64 0.3-60 OK
r-oldrel-windows-ix86+x86_64 0.3-60 15.00 91.00 106.00 OK

Check Details

Version: 0.3-60
Check: Rd cross-references
Result: NOTE
    Undeclared packages ‘mlbench’, ‘fpc’ in Rd xrefs
Flavor: r-devel-linux-x86_64-fedora-clang

Version: 0.3-60
Check: package dependencies
Result: NOTE
    Package which this enhances but not available for checking: ‘RWeka’
Flavor: r-patched-solaris-x86