Last updated on 2023-03-27 00:50:20 CEST.
Flavor | Version | Tinstall | Tcheck | Ttotal | Status | Flags |
---|---|---|---|---|---|---|
r-devel-linux-x86_64-debian-clang | 0.3-9 | 6.57 | 135.01 | 141.58 | OK | |
r-devel-linux-x86_64-debian-gcc | 0.3-9 | 5.19 | 97.00 | 102.19 | OK | |
r-devel-linux-x86_64-fedora-gcc | 0.3-9 | 162.08 | OK | |||
r-patched-linux-x86_64 | 0.3-9 | 7.47 | 128.18 | 135.65 | OK | |
r-release-linux-x86_64 | 0.3-9 | 7.04 | 124.64 | 131.68 | OK | |
r-release-macos-arm64 | 0.3-9 | 45.00 | OK | |||
r-release-macos-x86_64 | 0.3-9 | 58.00 | OK | |||
r-release-windows-x86_64 | 0.3-9 | 32.00 | 149.00 | 181.00 | OK | |
r-oldrel-macos-arm64 | 0.3-9 | 44.00 | OK | |||
r-oldrel-macos-x86_64 | 0.3-9 | 60.00 | OK | |||
r-oldrel-windows-ix86+x86_64 | 0.3-9 | 14.00 | 162.00 | 176.00 | ERROR |
Version: 0.3-9
Check: PDF version of manual
Result: WARN
LaTeX errors when creating PDF version.
This typically indicates Rd problems.
LaTeX errors found:
! Package inputenc Error: Unicode char รข<c2><80><c2><91> (U+2011)
(inputenc) not set up for use with LaTeX.
See the inputenc package documentation for explanation.
Type H <return> for immediate help.
Flavor: r-oldrel-windows-ix86+x86_64
Version: 0.3-9
Check: PDF version of manual without hyperrefs or index
Result: ERROR
Flavor: r-oldrel-windows-ix86+x86_64