Last updated on 2023-05-29 00:59:30 CEST.
Flavor | Version | Tinstall | Tcheck | Ttotal | Status | Flags |
---|---|---|---|---|---|---|
r-devel-linux-x86_64-debian-clang | 2.1.4 | 13.02 | 145.61 | 158.63 | OK | |
r-devel-linux-x86_64-debian-gcc | 2.1.4 | 7.64 | 100.97 | 108.61 | OK | |
r-devel-linux-x86_64-fedora-clang | 2.1.4 | 192.62 | NOTE | |||
r-devel-linux-x86_64-fedora-gcc | 2.1.4 | 188.39 | OK | |||
r-devel-windows-x86_64 | 2.1.4 | 20.00 | 132.00 | 152.00 | OK | |
r-patched-linux-x86_64 | 2.1.4 | 11.98 | 139.00 | 150.98 | OK | |
r-release-linux-x86_64 | 2.1.4 | 11.22 | 137.36 | 148.58 | OK | |
r-release-macos-arm64 | 2.1.4 | 64.00 | OK | |||
r-release-macos-x86_64 | 2.1.4 | 108.00 | NOTE | |||
r-release-windows-x86_64 | 2.1.4 | 17.00 | 161.00 | 178.00 | OK | |
r-oldrel-macos-arm64 | 2.1.4 | 53.00 | OK | |||
r-oldrel-macos-x86_64 | 2.1.4 | 108.00 | OK | |||
r-oldrel-windows-x86_64 | 2.1.4 | 18.00 | 162.00 | 180.00 | OK |
Version: 2.1.4
Check: Rd cross-references
Result: NOTE
Undeclared packages ‘mvoutlier’, ‘fpc’, ‘ellipse’, ‘sfsmisc’ in Rd xrefs
Flavor: r-devel-linux-x86_64-fedora-clang
Version: 2.1.4
Check: Rd cross-references
Result: NOTE
Packages unavailable to check Rd xrefs: ‘mvoutlier’, ‘fpc’, ‘ellipse’
Flavor: r-release-macos-x86_64