Last updated on 2023-06-02 01:00:21 CEST.
Flavor | Version | Tinstall | Tcheck | Ttotal | Status | Flags |
---|---|---|---|---|---|---|
r-devel-linux-x86_64-debian-clang | 1.1.0 | 65.02 | 569.07 | 634.09 | NOTE | |
r-devel-linux-x86_64-debian-gcc | 1.1.0 | 57.34 | 441.00 | 498.34 | NOTE | |
r-devel-linux-x86_64-fedora-clang | 1.1.0 | 813.76 | NOTE | |||
r-devel-linux-x86_64-fedora-gcc | 1.1.0 | 865.90 | NOTE | |||
r-devel-windows-x86_64 | 1.1.0 | 61.00 | 393.00 | 454.00 | NOTE | |
r-patched-linux-x86_64 | 1.1.0 | NOTE | ||||
r-release-linux-x86_64 | 1.1.0 | 46.81 | 551.33 | 598.14 | NOTE | |
r-release-macos-arm64 | 1.1.0 | 6.00 | ERROR | |||
r-release-macos-x86_64 | 1.1.0 | 7.00 | ERROR | |||
r-release-windows-x86_64 | 1.1.0 | 79.00 | 529.00 | 608.00 | NOTE | |
r-oldrel-macos-arm64 | 1.1.0 | 215.00 | NOTE | |||
r-oldrel-macos-x86_64 | 1.1.0 | 426.00 | NOTE | |||
r-oldrel-windows-x86_64 | 1.1.0 | 75.00 | 500.00 | 575.00 | NOTE |
Version: 1.1.0
Check: LazyData
Result: NOTE
'LazyData' is specified without a 'data' directory
Flavors: r-devel-linux-x86_64-debian-clang, r-devel-linux-x86_64-debian-gcc, r-devel-linux-x86_64-fedora-clang, r-devel-linux-x86_64-fedora-gcc, r-devel-windows-x86_64, r-patched-linux-x86_64, r-release-linux-x86_64, r-release-windows-x86_64, r-oldrel-macos-arm64, r-oldrel-macos-x86_64, r-oldrel-windows-x86_64
Version: 1.1.0
Check: package dependencies
Result: ERROR
Package required but not available: ‘GSVA’
See section ‘The DESCRIPTION file’ in the ‘Writing R Extensions’
manual.
Flavors: r-release-macos-arm64, r-release-macos-x86_64