CRAN Package Check Results for Package cmenet

Last updated on 2021-10-16 00:49:10 CEST.

Flavor Version Tinstall Tcheck Ttotal Status Flags
r-devel-linux-x86_64-debian-clang 0.1.1 42.18 63.38 105.56 OK
r-devel-linux-x86_64-debian-gcc 0.1.1 28.19 49.68 77.87 OK
r-devel-linux-x86_64-fedora-clang 0.1.1 152.29 NOTE
r-devel-linux-x86_64-fedora-gcc 0.1.1 131.14 NOTE
r-devel-windows-x86_64 0.1.1 50.00 68.00 118.00 OK
r-devel-windows-x86_64-gcc10-UCRT 0.1.1 NOTE
r-patched-linux-x86_64 0.1.1 37.31 62.63 99.94 OK
r-patched-solaris-x86 0.1.1 164.30 NOTE
r-release-linux-x86_64 0.1.1 36.40 62.70 99.10 OK
r-release-macos-arm64 0.1.1 NOTE
r-release-macos-x86_64 0.1.1 NOTE
r-release-windows-ix86+x86_64 0.1.1 105.00 126.00 231.00 OK
r-oldrel-macos-x86_64 0.1.1 NOTE
r-oldrel-windows-ix86+x86_64 0.1.1 105.00 122.00 227.00 OK

Check Details

Version: 0.1.1
Check: dependencies in R code
Result: NOTE
    Namespace in Imports field not imported from: ‘MASS’
     All declared Imports should be used.
Flavors: r-devel-linux-x86_64-fedora-clang, r-devel-linux-x86_64-fedora-gcc, r-devel-windows-x86_64-gcc10-UCRT, r-patched-solaris-x86, r-release-macos-arm64, r-release-macos-x86_64, r-oldrel-macos-x86_64