Last updated on 2023-06-09 00:54:18 CEST.
Flavor | Version | Tinstall | Tcheck | Ttotal | Status | Flags |
---|---|---|---|---|---|---|
r-devel-linux-x86_64-debian-clang | 0.2.5 | 6.70 | 53.57 | 60.27 | OK | |
r-devel-linux-x86_64-debian-gcc | 0.2.5 | 5.44 | 39.90 | 45.34 | OK | |
r-devel-linux-x86_64-fedora-clang | 0.2.5 | 74.31 | NOTE | |||
r-devel-linux-x86_64-fedora-gcc | 0.2.5 | 80.93 | NOTE | |||
r-devel-windows-x86_64 | 0.2.5 | 8.00 | 63.00 | 71.00 | OK | |
r-patched-linux-x86_64 | 0.2.5 | 5.56 | 49.65 | 55.21 | OK | |
r-release-linux-x86_64 | 0.2.5 | 5.95 | 48.52 | 54.47 | OK | |
r-release-macos-arm64 | 0.2.5 | 33.00 | OK | |||
r-release-macos-x86_64 | 0.2.5 | 50.00 | OK | |||
r-release-windows-x86_64 | 0.2.5 | 10.00 | 70.00 | 80.00 | OK | |
r-oldrel-macos-arm64 | 0.2.5 | 33.00 | OK | |||
r-oldrel-macos-x86_64 | 0.2.5 | 38.00 | OK | |||
r-oldrel-windows-x86_64 | 0.2.5 | 11.00 | 77.00 | 88.00 | OK |
Version: 0.2.5
Check: data for non-ASCII characters
Result: NOTE
Note: found 4622 marked UTF-8 strings
Flavors: r-devel-linux-x86_64-fedora-clang, r-devel-linux-x86_64-fedora-gcc