CRAN Package Check Results for Package cmprsk

Last updated on 2021-11-29 00:48:24 CET.

Flavor Version Tinstall Tcheck Ttotal Status Flags
r-devel-linux-x86_64-debian-clang 2.2-10 OK
r-devel-linux-x86_64-debian-gcc 2.2-10 7.28 49.45 56.73 OK
r-devel-linux-x86_64-fedora-clang 2.2-10 100.06 NOTE
r-devel-linux-x86_64-fedora-gcc 2.2-10 87.30 NOTE
r-devel-windows-x86_64-new-UL 2.2-10 20.00 97.00 117.00 OK
r-devel-windows-x86_64-new-TK 2.2-10 OK
r-devel-windows-x86_64-old 2.2-10 11.00 89.00 100.00 OK
r-patched-linux-x86_64 2.2-10 10.17 61.35 71.52 OK
r-patched-solaris-x86 2.2-10 130.40 OK
r-release-linux-x86_64 2.2-10 10.07 61.57 71.64 OK
r-release-macos-arm64 2.2-10 OK
r-release-macos-x86_64 2.2-10 OK
r-release-windows-ix86+x86_64 2.2-10 23.00 79.00 102.00 OK
r-oldrel-macos-x86_64 2.2-10 OK
r-oldrel-windows-ix86+x86_64 2.2-10 18.00 109.00 127.00 OK

Check Details

Version: 2.2-10
Check: compiled code
Result: NOTE
    File ‘cmprsk/libs/cmprsk.so’:
     Found no calls to: ‘R_registerRoutines’, ‘R_useDynamicSymbols’
    
    It is good practice to register native routines and to disable symbol
    search.
    
    See ‘Writing portable packages’ in the ‘Writing R Extensions’ manual.
Flavors: r-devel-linux-x86_64-fedora-clang, r-devel-linux-x86_64-fedora-gcc