CRAN Package Check Results for Package codexcopd

Last updated on 2024-07-24 00:53:46 CEST.

Flavor Version Tinstall Tcheck Ttotal Status Flags
r-devel-linux-x86_64-debian-clang 0.1.0 1.69 20.12 21.81 NOTE
r-devel-linux-x86_64-debian-gcc 0.1.0 1.46 15.52 16.98 NOTE
r-devel-linux-x86_64-fedora-clang 0.1.0 27.78 NOTE
r-devel-linux-x86_64-fedora-gcc 0.1.0 26.63 NOTE
r-devel-windows-x86_64 0.1.0 2.00 35.00 37.00 NOTE
r-patched-linux-x86_64 0.1.0 1.70 18.94 20.64 NOTE
r-release-linux-x86_64 0.1.0 1.77 19.62 21.39 NOTE
r-release-macos-arm64 0.1.0 14.00 NOTE
r-release-macos-x86_64 0.1.0 20.00 NOTE
r-release-windows-x86_64 0.1.0 3.00 34.00 37.00 NOTE
r-oldrel-macos-arm64 0.1.0 15.00 NOTE
r-oldrel-macos-x86_64 0.1.0 17.00 NOTE
r-oldrel-windows-x86_64 0.1.0 3.00 33.00 36.00 NOTE

Check Details

Version: 0.1.0
Check: LazyData
Result: NOTE 'LazyData' is specified without a 'data' directory Flavors: r-devel-linux-x86_64-debian-clang, r-devel-linux-x86_64-debian-gcc, r-devel-linux-x86_64-fedora-clang, r-devel-linux-x86_64-fedora-gcc, r-devel-windows-x86_64, r-patched-linux-x86_64, r-release-linux-x86_64, r-release-macos-arm64, r-release-macos-x86_64, r-release-windows-x86_64, r-oldrel-macos-arm64, r-oldrel-macos-x86_64, r-oldrel-windows-x86_64