Last updated on 2023-03-28 00:51:45 CEST.
Flavor | Version | Tinstall | Tcheck | Ttotal | Status | Flags |
---|---|---|---|---|---|---|
r-devel-linux-x86_64-debian-clang | 0.1.1 | 5.89 | 224.39 | 230.28 | NOTE | |
r-devel-linux-x86_64-debian-gcc | 0.1.1 | 5.27 | 153.10 | 158.37 | NOTE | |
r-devel-linux-x86_64-fedora-clang | 0.1.1 | 272.78 | NOTE | |||
r-devel-linux-x86_64-fedora-gcc | 0.1.1 | 270.13 | NOTE | |||
r-devel-windows-x86_64 | 0.1.1 | 35.00 | 268.00 | 303.00 | NOTE | |
r-patched-linux-x86_64 | 0.1.1 | 8.89 | 196.57 | 205.46 | NOTE | |
r-release-linux-x86_64 | 0.1.1 | 5.74 | 197.32 | 203.06 | NOTE | |
r-release-macos-arm64 | 0.1.1 | 70.00 | NOTE | |||
r-release-macos-x86_64 | 0.1.1 | 136.00 | NOTE | |||
r-release-windows-x86_64 | 0.1.1 | 24.00 | 268.00 | 292.00 | NOTE | |
r-oldrel-macos-arm64 | 0.1.1 | 84.00 | NOTE | |||
r-oldrel-macos-x86_64 | 0.1.1 | 156.00 | NOTE | |||
r-oldrel-windows-ix86+x86_64 | 0.1.1 | 17.00 | 266.00 | 283.00 | NOTE |
Version: 0.1.1
Check: LazyData
Result: NOTE
'LazyData' is specified without a 'data' directory
Flavors: r-devel-linux-x86_64-debian-clang, r-devel-linux-x86_64-debian-gcc, r-devel-linux-x86_64-fedora-clang, r-devel-linux-x86_64-fedora-gcc, r-devel-windows-x86_64, r-patched-linux-x86_64, r-release-linux-x86_64, r-release-macos-arm64, r-release-macos-x86_64, r-release-windows-x86_64, r-oldrel-macos-arm64, r-oldrel-macos-x86_64, r-oldrel-windows-ix86+x86_64