CRAN Package Check Results for Package colorBlindness

Last updated on 2021-10-25 00:49:07 CEST.

Flavor Version Tinstall Tcheck Ttotal Status Flags
r-devel-linux-x86_64-debian-clang 0.1.9 5.15 65.22 70.37 OK
r-devel-linux-x86_64-debian-gcc 0.1.9 4.34 48.26 52.60 OK
r-devel-linux-x86_64-fedora-clang 0.1.9 94.08 NOTE
r-devel-linux-x86_64-fedora-gcc 0.1.9 81.44 OK
r-devel-windows-x86_64 0.1.9 10.00 93.00 103.00 NOTE
r-devel-windows-x86_64-gcc10-UCRT 0.1.9 OK
r-patched-linux-x86_64 0.1.9 6.17 59.21 65.38 OK
r-patched-solaris-x86 0.1.9 111.10 NOTE
r-release-linux-x86_64 0.1.9 3.69 59.66 63.35 OK
r-release-macos-arm64 0.1.9 NOTE
r-release-macos-x86_64 0.1.9 NOTE
r-release-windows-ix86+x86_64 0.1.9 11.00 84.00 95.00 NOTE
r-oldrel-macos-x86_64 0.1.9 NOTE
r-oldrel-windows-ix86+x86_64 0.1.9 15.00 91.00 106.00 NOTE

Check Details

Version: 0.1.9
Check: installed package size
Result: NOTE
     installed size is 5.2Mb
     sub-directories of 1Mb or more:
     doc 4.9Mb
Flavors: r-devel-linux-x86_64-fedora-clang, r-devel-windows-x86_64, r-patched-solaris-x86, r-release-macos-arm64, r-release-macos-x86_64, r-release-windows-ix86+x86_64, r-oldrel-macos-x86_64, r-oldrel-windows-ix86+x86_64