CRAN Package Check Results for Package coloredICA

Last updated on 2021-10-28 00:48:40 CEST.

Flavor Version Tinstall Tcheck Ttotal Status Flags
r-devel-linux-x86_64-debian-clang 1.0.0 3.10 27.07 30.17 NOTE
r-devel-linux-x86_64-debian-gcc 1.0.0 2.26 20.75 23.01 NOTE
r-devel-linux-x86_64-fedora-clang 1.0.0 48.22 NOTE
r-devel-linux-x86_64-fedora-gcc 1.0.0 36.72 NOTE
r-devel-windows-x86_64 1.0.0 5.00 44.00 49.00 NOTE
r-devel-windows-x86_64-gcc10-UCRT 1.0.0 NOTE
r-patched-linux-x86_64 1.0.0 3.40 25.94 29.34 NOTE
r-patched-solaris-x86 1.0.0 53.80 NOTE
r-release-linux-x86_64 1.0.0 3.07 25.78 28.85 NOTE
r-release-macos-arm64 1.0.0 NOTE
r-release-macos-x86_64 1.0.0 NOTE
r-release-windows-ix86+x86_64 1.0.0 6.00 44.00 50.00 NOTE
r-oldrel-macos-x86_64 1.0.0 NOTE
r-oldrel-windows-ix86+x86_64 1.0.0 5.00 42.00 47.00 NOTE

Check Details

Version: 1.0.0
Check: R code for possible problems
Result: NOTE
    cICA: no visible global function definition for 'mvfft'
    cICA: no visible global function definition for 'ar.yw'
    cICA: no visible global function definition for 'rnorm'
    scICA: no visible global function definition for 'rnorm'
    Undefined global functions or variables:
     ar.yw mvfft rnorm
    Consider adding
     importFrom("stats", "ar.yw", "mvfft", "rnorm")
    to your NAMESPACE file.
Flavors: r-devel-linux-x86_64-debian-clang, r-devel-linux-x86_64-debian-gcc, r-devel-linux-x86_64-fedora-clang, r-devel-linux-x86_64-fedora-gcc, r-devel-windows-x86_64, r-devel-windows-x86_64-gcc10-UCRT, r-patched-linux-x86_64, r-patched-solaris-x86, r-release-linux-x86_64, r-release-macos-arm64, r-release-macos-x86_64, r-release-windows-ix86+x86_64, r-oldrel-macos-x86_64, r-oldrel-windows-ix86+x86_64