CRAN Package Check Results for Package cols4all

Last updated on 2024-06-14 00:53:38 CEST.

Flavor Version Tinstall Tcheck Ttotal Status Flags
r-devel-linux-x86_64-debian-clang 0.7-1 15.62 93.24 108.86 OK
r-devel-linux-x86_64-debian-gcc 0.7-1 8.58 64.64 73.22 ERROR
r-devel-linux-x86_64-fedora-clang 0.7-1 129.23 OK
r-devel-linux-x86_64-fedora-gcc 0.7-1 136.94 OK
r-devel-windows-x86_64 0.7-1 11.00 88.00 99.00 OK
r-patched-linux-x86_64 0.7-1 11.88 89.29 101.17 OK
r-release-linux-x86_64 0.7-1 11.34 90.13 101.47 OK
r-release-macos-arm64 0.7-1 41.00 OK
r-release-macos-x86_64 0.7-1 65.00 OK
r-release-windows-x86_64 0.7-1 11.00 95.00 106.00 OK
r-oldrel-macos-arm64 0.7-1 49.00 OK
r-oldrel-macos-x86_64 0.7-1 118.00 OK
r-oldrel-windows-x86_64 0.7-1 11.00 108.00 119.00 OK

Check Details

Version: 0.7-1
Check: package dependencies
Result: NOTE Packages suggested but not available for checking: 'kableExtra', 'ggplot2' Flavor: r-devel-linux-x86_64-debian-gcc

Version: 0.7-1
Check: re-building of vignette outputs
Result: ERROR Error(s) in re-building vignettes: ... --- re-building ‘cols4all.Rmd’ using rmarkdown ** Processing: /home/hornik/tmp/R.check/r-devel-gcc/Work/PKGS/cols4all.Rcheck/vign_test/cols4all/vignettes/cols4all_files/figure-html/unnamed-chunk-11-1.png 576x192 pixels, 3x8 bits/pixel, RGB Input IDAT size = 5081 bytes Input file size = 5159 bytes Trying: zc = 9 zm = 8 zs = 0 f = 0 IDAT size = 4845 zc = 9 zm = 8 zs = 1 f = 0 zc = 1 zm = 8 zs = 2 f = 0 zc = 9 zm = 8 zs = 3 f = 0 zc = 9 zm = 8 zs = 0 f = 5 IDAT size = 4473 zc = 9 zm = 8 zs = 1 f = 5 zc = 1 zm = 8 zs = 2 f = 5 zc = 9 zm = 8 zs = 3 f = 5 Selecting parameters: zc = 9 zm = 8 zs = 0 f = 5 IDAT size = 4473 Output IDAT size = 4473 bytes (608 bytes decrease) Output file size = 4551 bytes (608 bytes = 11.79% decrease) Quitting from lines 178-193 [unnamed-chunk-12] (cols4all.Rmd) Error: processing vignette 'cols4all.Rmd' failed with diagnostics: there is no package called 'ggplot2' --- failed re-building ‘cols4all.Rmd’ SUMMARY: processing the following file failed: ‘cols4all.Rmd’ Error: Vignette re-building failed. Execution halted Flavor: r-devel-linux-x86_64-debian-gcc