CRAN Package Check Results for Package combinationpvalues

Last updated on 2024-02-23 00:59:25 CET.

Flavor Version Tinstall Tcheck Ttotal Status Flags
r-devel-linux-x86_64-debian-clang 0.1.4 NOTE
r-devel-linux-x86_64-debian-gcc 0.1.4 1.60 16.51 18.11 NOTE
r-devel-linux-x86_64-fedora-clang 0.1.4 29.88 NOTE
r-devel-linux-x86_64-fedora-gcc 0.1.4 28.32 NOTE
r-devel-windows-x86_64 0.1.4 3.00 39.00 42.00 NOTE
r-patched-linux-x86_64 0.1.4 2.45 20.69 23.14 NOTE
r-release-linux-x86_64 0.1.4 2.18 20.86 23.04 NOTE
r-release-macos-arm64 0.1.4 15.00 NOTE
r-release-macos-x86_64 0.1.4 19.00 NOTE
r-release-windows-x86_64 0.1.4 4.00 39.00 43.00 NOTE
r-oldrel-macos-arm64 0.1.4 15.00 NOTE
r-oldrel-windows-x86_64 0.1.4 4.00 43.00 47.00 OK

Check Details

Version: 0.1.4
Check: package subdirectories
Result: NOTE Problems with news in ‘NEWS.md’: No news entries found. Flavors: r-devel-linux-x86_64-debian-clang, r-devel-linux-x86_64-debian-gcc, r-devel-linux-x86_64-fedora-clang, r-devel-linux-x86_64-fedora-gcc, r-devel-windows-x86_64, r-patched-linux-x86_64, r-release-linux-x86_64, r-release-macos-arm64, r-release-macos-x86_64, r-release-windows-x86_64

Version: 0.1.4
Check: dependencies in R code
Result: NOTE Namespaces in Imports field not imported from: ‘chi’ ‘dplyr’ ‘spatstat.utils’ ‘utils’ All declared Imports should be used. Flavors: r-devel-linux-x86_64-fedora-clang, r-devel-linux-x86_64-fedora-gcc, r-oldrel-macos-arm64