CRAN Package Check Results for Package communication

Last updated on 2024-06-23 00:56:29 CEST.

Flavor Version Tinstall Tcheck Ttotal Status Flags
r-devel-linux-x86_64-debian-clang 0.1 84.86 68.49 153.35 NOTE
r-devel-linux-x86_64-debian-gcc 0.1 51.08 49.93 101.01 NOTE
r-devel-linux-x86_64-fedora-clang 0.1 190.62 NOTE
r-devel-linux-x86_64-fedora-gcc 0.1 214.23 NOTE
r-devel-windows-x86_64 0.1 58.00 86.00 144.00 NOTE
r-patched-linux-x86_64 0.1 59.50 64.00 123.50 NOTE
r-release-linux-x86_64 0.1 59.41 63.66 123.07 NOTE
r-release-macos-arm64 0.1 52.00 NOTE
r-release-macos-x86_64 0.1 70.00 NOTE
r-release-windows-x86_64 0.1 58.00 86.00 144.00 NOTE
r-oldrel-macos-arm64 0.1 58.00 NOTE
r-oldrel-macos-x86_64 0.1 90.00 NOTE
r-oldrel-windows-x86_64 0.1 69.00 102.00 171.00 NOTE

Check Details

Version: 0.1
Check: C++ specification
Result: NOTE Specified C++11: please drop specification unless essential Flavors: r-devel-linux-x86_64-debian-clang, r-devel-linux-x86_64-debian-gcc, r-devel-linux-x86_64-fedora-clang, r-devel-linux-x86_64-fedora-gcc, r-devel-windows-x86_64, r-patched-linux-x86_64, r-release-linux-x86_64, r-release-macos-arm64, r-release-macos-x86_64, r-release-windows-x86_64, r-oldrel-macos-arm64, r-oldrel-macos-x86_64, r-oldrel-windows-x86_64

Version: 0.1
Check: Rd files
Result: NOTE checkRd: (-1) hmm.Rd:47-55: Lost braces in \itemize; meant \describe ? checkRd: (-1) hmm.Rd:56-62: Lost braces in \itemize; meant \describe ? checkRd: (-1) hmm.Rd:63-70: Lost braces in \itemize; meant \describe ? checkRd: (-1) hmm.Rd:71-74: Lost braces in \itemize; meant \describe ? checkRd: (-1) hmm.Rd:75-78: Lost braces in \itemize; meant \describe ? checkRd: (-1) hmm.Rd:79-84: Lost braces in \itemize; meant \describe ? checkRd: (-1) hmm.Rd:85-89: Lost braces in \itemize; meant \describe ? checkRd: (-1) hmm.Rd:95-103: Lost braces in \itemize; meant \describe ? checkRd: (-1) hmm.Rd:104-107: Lost braces in \itemize; meant \describe ? checkRd: (-1) hmm.Rd:108-111: Lost braces in \itemize; meant \describe ? checkRd: (-1) hmm.Rd:112-118: Lost braces in \itemize; meant \describe ? checkRd: (-1) hmm.Rd:119-129: Lost braces in \itemize; meant \describe ? checkRd: (-1) hmm.Rd:130-133: Lost braces in \itemize; meant \describe ? Flavors: r-devel-linux-x86_64-debian-clang, r-devel-linux-x86_64-debian-gcc, r-devel-linux-x86_64-fedora-clang, r-devel-linux-x86_64-fedora-gcc, r-devel-windows-x86_64, r-patched-linux-x86_64, r-release-linux-x86_64, r-release-macos-arm64, r-release-macos-x86_64, r-release-windows-x86_64

Version: 0.1
Check: dependencies in R code
Result: NOTE Namespaces in Imports field not imported from: ‘GGally’ ‘RColorBrewer’ ‘abind’ ‘diagram’ ‘ggplot2’ ‘grid’ ‘gtable’ ‘igraph’ ‘magrittr’ ‘plyr’ ‘purrr’ ‘reshape2’ ‘scales’ ‘useful’ All declared Imports should be used. Flavors: r-devel-linux-x86_64-fedora-clang, r-devel-linux-x86_64-fedora-gcc

Version: 0.1
Check: installed package size
Result: NOTE installed size is 5.1Mb sub-directories of 1Mb or more: libs 4.5Mb Flavors: r-release-macos-arm64, r-release-macos-x86_64, r-oldrel-macos-arm64, r-oldrel-macos-x86_64