Last updated on 2023-05-30 00:59:41 CEST.
Flavor | Version | Tinstall | Tcheck | Ttotal | Status | Flags |
---|---|---|---|---|---|---|
r-devel-linux-x86_64-debian-clang | 0.5.0 | 9.04 | 182.76 | 191.80 | OK | |
r-devel-linux-x86_64-debian-gcc | 0.5.0 | 8.90 | 138.00 | 146.90 | OK | |
r-devel-linux-x86_64-fedora-clang | 0.5.0 | 257.72 | OK | |||
r-devel-linux-x86_64-fedora-gcc | 0.5.0 | 254.72 | OK | |||
r-devel-windows-x86_64 | 0.5.0 | 12.00 | 164.00 | 176.00 | OK | |
r-patched-linux-x86_64 | 0.5.0 | 10.37 | 170.59 | 180.96 | OK | |
r-release-linux-x86_64 | 0.5.0 | 9.01 | 165.52 | 174.53 | OK | |
r-release-macos-arm64 | 0.5.0 | 66.00 | OK | |||
r-release-macos-x86_64 | 0.5.0 | 103.00 | NOTE | |||
r-release-windows-x86_64 | 0.5.0 | 13.00 | 199.00 | 212.00 | OK | |
r-oldrel-macos-arm64 | 0.5.0 | 70.00 | OK | |||
r-oldrel-macos-x86_64 | 0.5.0 | 79.00 | OK | |||
r-oldrel-windows-x86_64 | 0.5.0 | 14.00 | 186.00 | 200.00 | OK |
Version: 0.5.0
Check: package dependencies
Result: NOTE
Package suggested but not available for checking: ‘rstan’
Flavor: r-release-macos-x86_64