CRAN Package Check Results for Package compareMCMCs

Last updated on 2024-06-14 00:53:38 CEST.

Flavor Version Tinstall Tcheck Ttotal Status Flags
r-devel-linux-x86_64-debian-clang 0.5.0 11.46 217.33 228.79 OK
r-devel-linux-x86_64-debian-gcc 0.5.0 1.27 1.72 2.99 ERROR
r-devel-linux-x86_64-fedora-clang 0.5.0 241.17 OK
r-devel-linux-x86_64-fedora-gcc 0.5.0 231.85 OK
r-devel-windows-x86_64 0.5.0 11.00 170.00 181.00 OK
r-patched-linux-x86_64 0.5.0 12.12 200.10 212.22 OK
r-release-linux-x86_64 0.5.0 10.12 190.15 200.27 OK
r-release-macos-arm64 0.5.0 70.00 OK
r-release-macos-x86_64 0.5.0 104.00 OK
r-release-windows-x86_64 0.5.0 10.00 166.00 176.00 OK
r-oldrel-macos-arm64 0.5.0 66.00 OK
r-oldrel-macos-x86_64 0.5.0 103.00 NOTE
r-oldrel-windows-x86_64 0.5.0 12.00 207.00 219.00 OK

Check Details

Version: 0.5.0
Check: package dependencies
Result: ERROR Packages required but not available: 'nimble', 'ggplot2', 'reshape2' Packages suggested but not available for checking: 'testthat', 'rstan' See section ‘The DESCRIPTION file’ in the ‘Writing R Extensions’ manual. Flavor: r-devel-linux-x86_64-debian-gcc

Version: 0.5.0
Check: package dependencies
Result: NOTE Package suggested but not available for checking: ‘rstan’ Flavor: r-oldrel-macos-x86_64