CRAN Package Check Results for Package comtradr

Last updated on 2024-07-13 00:55:22 CEST.

Flavor Version Tinstall Tcheck Ttotal Status Flags
r-devel-linux-x86_64-debian-clang 1.0.1 6.02 73.11 79.13 OK
r-devel-linux-x86_64-debian-gcc 1.0.1 4.18 54.19 58.37 OK
r-devel-linux-x86_64-fedora-clang 1.0.1 99.64 NOTE
r-devel-linux-x86_64-fedora-gcc 1.0.1 108.24 NOTE
r-devel-windows-x86_64 1.0.1 7.00 82.00 89.00 OK
r-patched-linux-x86_64 1.0.1 4.89 68.22 73.11 OK
r-release-linux-x86_64 1.0.1 3.40 68.58 71.98 OK
r-release-macos-arm64 1.0.1 47.00 OK
r-release-macos-x86_64 1.0.1 62.00 OK
r-release-windows-x86_64 1.0.1 7.00 84.00 91.00 OK
r-oldrel-macos-arm64 1.0.1 48.00 OK
r-oldrel-macos-x86_64 1.0.1 98.00 OK
r-oldrel-windows-x86_64 1.0.1 8.00 90.00 98.00 OK

Check Details

Version: 1.0.1
Check: data for non-ASCII characters
Result: NOTE Note: found 11 marked UTF-8 strings Flavors: r-devel-linux-x86_64-fedora-clang, r-devel-linux-x86_64-fedora-gcc