CRAN Package Check Results for Package concordance

Last updated on 2021-10-16 00:49:10 CEST.

Flavor Version Tinstall Tcheck Ttotal Status Flags
r-devel-linux-x86_64-debian-clang 2.0.0 10.71 64.82 75.53 OK
r-devel-linux-x86_64-debian-gcc 2.0.0 10.95 49.18 60.13 OK
r-devel-linux-x86_64-fedora-clang 2.0.0 104.66 NOTE
r-devel-linux-x86_64-fedora-gcc 2.0.0 92.47 NOTE
r-devel-windows-x86_64 2.0.0 21.00 67.00 88.00 OK
r-devel-windows-x86_64-gcc10-UCRT 2.0.0 NOTE
r-patched-linux-x86_64 2.0.0 13.41 61.33 74.74 OK
r-patched-solaris-x86 2.0.0 132.50 NOTE
r-release-linux-x86_64 2.0.0 9.03 61.40 70.43 OK
r-release-macos-arm64 2.0.0 NOTE
r-release-macos-x86_64 2.0.0 NOTE
r-release-windows-ix86+x86_64 2.0.0 23.00 91.00 114.00 OK
r-oldrel-macos-x86_64 2.0.0 NOTE
r-oldrel-windows-ix86+x86_64 2.0.0 23.00 85.00 108.00 OK

Check Details

Version: 2.0.0
Check: data for non-ASCII characters
Result: NOTE
     Note: found 92 marked UTF-8 strings
Flavors: r-devel-linux-x86_64-fedora-clang, r-devel-linux-x86_64-fedora-gcc, r-devel-windows-x86_64-gcc10-UCRT, r-patched-solaris-x86, r-release-macos-arm64, r-release-macos-x86_64, r-oldrel-macos-x86_64