CRAN Package Check Results for Package condSURV

Last updated on 2021-12-03 00:48:37 CET.

Flavor Version Tinstall Tcheck Ttotal Status Flags
r-devel-linux-x86_64-debian-clang 2.0.1 20.09 140.27 160.36 OK
r-devel-linux-x86_64-debian-gcc 2.0.1 15.65 103.70 119.35 OK
r-devel-linux-x86_64-fedora-clang 2.0.1 195.40 NOTE
r-devel-linux-x86_64-fedora-gcc 2.0.1 182.41 NOTE
r-devel-windows-x86_64-new-UL 2.0.1 33.00 173.00 206.00 OK
r-devel-windows-x86_64-new-TK 2.0.1 OK
r-devel-windows-x86_64-old 2.0.1 31.00 129.00 160.00 OK
r-patched-linux-x86_64 2.0.1 17.57 129.17 146.74 OK
r-patched-solaris-x86 2.0.1 174.70 OK
r-release-linux-x86_64 2.0.1 15.78 130.76 146.54 OK
r-release-macos-arm64 2.0.1 OK
r-release-macos-x86_64 2.0.1 OK
r-release-windows-ix86+x86_64 2.0.1 43.00 216.00 259.00 OK
r-oldrel-macos-x86_64 2.0.1 OK
r-oldrel-windows-ix86+x86_64 2.0.1 46.00 221.00 267.00 OK

Additional issues

clang-UBSAN gcc-UBSAN

Check Details

Version: 2.0.1
Check: compiled code
Result: NOTE
    File ‘condSURV/libs/condSURV.so’:
     Found no calls to: ‘R_registerRoutines’, ‘R_useDynamicSymbols’
    
    It is good practice to register native routines and to disable symbol
    search.
    
    See ‘Writing portable packages’ in the ‘Writing R Extensions’ manual.
Flavors: r-devel-linux-x86_64-fedora-clang, r-devel-linux-x86_64-fedora-gcc