Last updated on 2023-05-30 00:59:41 CEST.
Flavor | Version | Tinstall | Tcheck | Ttotal | Status | Flags |
---|---|---|---|---|---|---|
r-devel-linux-x86_64-debian-clang | 0.0.2 | 7.15 | 79.55 | 86.70 | NOTE | |
r-devel-linux-x86_64-debian-gcc | 0.0.2 | 5.59 | 61.32 | 66.91 | NOTE | |
r-devel-linux-x86_64-fedora-clang | 0.0.2 | 114.65 | NOTE | |||
r-devel-linux-x86_64-fedora-gcc | 0.0.2 | 122.54 | NOTE | |||
r-devel-windows-x86_64 | 0.0.2 | 9.00 | 78.00 | 87.00 | NOTE | |
r-patched-linux-x86_64 | 0.0.2 | 8.13 | 76.06 | 84.19 | NOTE | |
r-release-linux-x86_64 | 0.0.2 | 7.32 | 76.35 | 83.67 | NOTE | |
r-release-macos-arm64 | 0.0.2 | 43.00 | NOTE | |||
r-release-macos-x86_64 | 0.0.2 | 67.00 | NOTE | |||
r-release-windows-x86_64 | 0.0.2 | 10.00 | 93.00 | 103.00 | NOTE | |
r-oldrel-macos-arm64 | 0.0.2 | 42.00 | NOTE | |||
r-oldrel-macos-x86_64 | 0.0.2 | 48.00 | NOTE | |||
r-oldrel-windows-x86_64 | 0.0.2 | 11.00 | 94.00 | 105.00 | NOTE |
Version: 0.0.2
Check: package subdirectories
Result: NOTE
Problems with news in ‘NEWS.md’:
No news entries found.
Flavors: r-devel-linux-x86_64-debian-clang, r-devel-linux-x86_64-debian-gcc, r-devel-linux-x86_64-fedora-clang, r-devel-linux-x86_64-fedora-gcc, r-devel-windows-x86_64, r-patched-linux-x86_64, r-release-linux-x86_64, r-release-macos-arm64, r-release-macos-x86_64, r-release-windows-x86_64
Version: 0.0.2
Check: LazyData
Result: NOTE
'LazyData' is specified without a 'data' directory
Flavors: r-devel-linux-x86_64-debian-clang, r-devel-linux-x86_64-debian-gcc, r-devel-linux-x86_64-fedora-clang, r-devel-linux-x86_64-fedora-gcc, r-devel-windows-x86_64, r-patched-linux-x86_64, r-release-linux-x86_64, r-release-macos-arm64, r-release-macos-x86_64, r-release-windows-x86_64, r-oldrel-macos-arm64, r-oldrel-macos-x86_64, r-oldrel-windows-x86_64
Version: 0.0.2
Check: Rd cross-references
Result: NOTE
Undeclared package ‘mvtnorm’ in Rd xrefs
Flavor: r-devel-linux-x86_64-fedora-clang