CRAN Package Check Results for Package condvis2

Last updated on 2021-10-22 00:50:21 CEST.

Flavor Version Tinstall Tcheck Ttotal Status Flags
r-devel-linux-x86_64-debian-clang 0.1.1 10.28 131.04 141.32 NOTE
r-devel-linux-x86_64-debian-gcc 0.1.1 8.13 95.69 103.82 NOTE
r-devel-linux-x86_64-fedora-clang 0.1.1 180.79 NOTE
r-devel-linux-x86_64-fedora-gcc 0.1.1 170.20 NOTE
r-devel-windows-x86_64 0.1.1 17.00 159.00 176.00 NOTE
r-devel-windows-x86_64-gcc10-UCRT 0.1.1 NOTE
r-patched-linux-x86_64 0.1.1 9.87 127.34 137.21 NOTE
r-patched-solaris-x86 0.1.1 198.00 NOTE
r-release-linux-x86_64 0.1.1 9.27 123.84 133.11 NOTE
r-release-macos-arm64 0.1.1 NOTE
r-release-macos-x86_64 0.1.1 NOTE
r-release-windows-ix86+x86_64 0.1.1 17.00 155.00 172.00 NOTE
r-oldrel-macos-x86_64 0.1.1 OK
r-oldrel-windows-ix86+x86_64 0.1.1 23.00 160.00 183.00 OK

Check Details

Version: 0.1.1
Check: LazyData
Result: NOTE
     'LazyData' is specified without a 'data' directory
Flavors: r-devel-linux-x86_64-debian-clang, r-devel-linux-x86_64-debian-gcc, r-devel-linux-x86_64-fedora-clang, r-devel-linux-x86_64-fedora-gcc, r-devel-windows-x86_64, r-devel-windows-x86_64-gcc10-UCRT, r-patched-linux-x86_64, r-patched-solaris-x86, r-release-linux-x86_64, r-release-macos-arm64, r-release-macos-x86_64, r-release-windows-ix86+x86_64