Last updated on 2023-06-09 00:54:18 CEST.
Flavor | Version | Tinstall | Tcheck | Ttotal | Status | Flags |
---|---|---|---|---|---|---|
r-devel-linux-x86_64-debian-clang | 0.1.1 | 4.87 | 34.76 | 39.63 | NOTE | |
r-devel-linux-x86_64-debian-gcc | 0.1.1 | 3.79 | 27.14 | 30.93 | NOTE | |
r-devel-linux-x86_64-fedora-clang | 0.1.1 | 51.61 | NOTE | |||
r-devel-linux-x86_64-fedora-gcc | 0.1.1 | 71.51 | NOTE | |||
r-devel-windows-x86_64 | 0.1.1 | 6.00 | 57.00 | 63.00 | NOTE | |
r-patched-linux-x86_64 | 0.1.1 | 4.49 | 33.32 | 37.81 | NOTE | |
r-release-linux-x86_64 | 0.1.1 | 3.72 | 33.59 | 37.31 | NOTE | |
r-release-macos-arm64 | 0.1.1 | 48.00 | NOTE | |||
r-release-macos-x86_64 | 0.1.1 | 52.00 | NOTE | |||
r-release-windows-x86_64 | 0.1.1 | 7.00 | 57.00 | 64.00 | NOTE | |
r-oldrel-macos-arm64 | 0.1.1 | 47.00 | NOTE | |||
r-oldrel-macos-x86_64 | 0.1.1 | 71.00 | NOTE | |||
r-oldrel-windows-x86_64 | 0.1.1 | 7.00 | 61.00 | 68.00 | NOTE |
Version: 0.1.1
Check: LazyData
Result: NOTE
'LazyData' is specified without a 'data' directory
Flavors: r-devel-linux-x86_64-debian-clang, r-devel-linux-x86_64-debian-gcc, r-devel-linux-x86_64-fedora-clang, r-devel-linux-x86_64-fedora-gcc, r-devel-windows-x86_64, r-patched-linux-x86_64, r-release-linux-x86_64, r-release-macos-arm64, r-release-macos-x86_64, r-release-windows-x86_64, r-oldrel-macos-arm64, r-oldrel-macos-x86_64, r-oldrel-windows-x86_64
Version: 0.1.1
Check: dependencies in R code
Result: NOTE
Namespace in Imports field not imported from: ‘R6’
All declared Imports should be used.
Flavors: r-devel-linux-x86_64-fedora-clang, r-devel-linux-x86_64-fedora-gcc, r-oldrel-macos-arm64, r-oldrel-macos-x86_64