CRAN Package Check Results for Package conflr

Last updated on 2024-05-18 00:00:05 CEST.

Flavor Version Tinstall Tcheck Ttotal Status Flags
r-devel-linux-x86_64-debian-clang 0.1.1 5.04 37.45 42.49 NOTE
r-devel-linux-x86_64-debian-gcc 0.1.1 3.21 27.54 30.75 NOTE
r-devel-linux-x86_64-fedora-clang 0.1.1 52.58 NOTE
r-devel-linux-x86_64-fedora-gcc 0.1.1 95.55 NOTE
r-devel-windows-x86_64 0.1.1 6.00 56.00 62.00 NOTE
r-patched-linux-x86_64 0.1.1 4.07 35.22 39.29 NOTE
r-release-linux-x86_64 0.1.1 3.76 35.21 38.97 NOTE
r-release-macos-arm64 0.1.1 44.00 NOTE
r-release-windows-x86_64 0.1.1 6.00 56.00 62.00 NOTE
r-oldrel-macos-arm64 0.1.1 48.00 NOTE
r-oldrel-macos-x86_64 0.1.1 52.00 NOTE
r-oldrel-windows-x86_64 0.1.1 7.00 61.00 68.00 NOTE

Check Details

Version: 0.1.1
Check: LazyData
Result: NOTE 'LazyData' is specified without a 'data' directory Flavors: r-devel-linux-x86_64-debian-clang, r-devel-linux-x86_64-debian-gcc, r-devel-linux-x86_64-fedora-clang, r-devel-linux-x86_64-fedora-gcc, r-devel-windows-x86_64, r-patched-linux-x86_64, r-release-linux-x86_64, r-release-macos-arm64, r-release-windows-x86_64, r-oldrel-macos-arm64, r-oldrel-macos-x86_64, r-oldrel-windows-x86_64

Version: 0.1.1
Check: dependencies in R code
Result: NOTE Namespace in Imports field not imported from: ‘R6’ All declared Imports should be used. Flavors: r-devel-linux-x86_64-fedora-clang, r-devel-linux-x86_64-fedora-gcc