CRAN Package Check Results for Package conogive

Last updated on 2021-10-26 00:59:47 CEST.

Flavor Version Tinstall Tcheck Ttotal Status Flags
r-devel-linux-x86_64-debian-clang 1.0.0 1.76 29.03 30.79 NOTE
r-devel-linux-x86_64-debian-gcc 1.0.0 1.91 21.56 23.47 NOTE
r-devel-linux-x86_64-fedora-clang 1.0.0 47.81 NOTE
r-devel-linux-x86_64-fedora-gcc 1.0.0 36.97 NOTE
r-devel-windows-x86_64 1.0.0 4.00 45.00 49.00 NOTE
r-devel-windows-x86_64-gcc10-UCRT 1.0.0 NOTE
r-patched-linux-x86_64 1.0.0 2.49 27.78 30.27 NOTE
r-patched-solaris-x86 1.0.0 56.60 NOTE
r-release-linux-x86_64 1.0.0 2.06 27.46 29.52 NOTE
r-release-macos-arm64 1.0.0 NOTE
r-release-macos-x86_64 1.0.0 NOTE
r-release-windows-ix86+x86_64 1.0.0 5.00 48.00 53.00 NOTE
r-oldrel-macos-x86_64 1.0.0 OK
r-oldrel-windows-ix86+x86_64 1.0.0 6.00 51.00 57.00 OK

Check Details

Version: 1.0.0
Check: LazyData
Result: NOTE
     'LazyData' is specified without a 'data' directory
Flavors: r-devel-linux-x86_64-debian-clang, r-devel-linux-x86_64-debian-gcc, r-devel-linux-x86_64-fedora-clang, r-devel-linux-x86_64-fedora-gcc, r-devel-windows-x86_64, r-devel-windows-x86_64-gcc10-UCRT, r-patched-linux-x86_64, r-patched-solaris-x86, r-release-linux-x86_64, r-release-macos-arm64, r-release-macos-x86_64, r-release-windows-ix86+x86_64